Last updated on 2023-02-07 17:55:12 CET.
Flavor | Version | Tinstall | Tcheck | Ttotal | Status | Flags |
---|---|---|---|---|---|---|
r-devel-linux-x86_64-debian-clang | 0.9.0 | 26.66 | 29.81 | 56.47 | OK | |
r-devel-linux-x86_64-debian-gcc | 0.9.0 | 23.12 | 23.48 | 46.60 | OK | |
r-devel-linux-x86_64-fedora-clang | 0.9.0 | 82.16 | OK | |||
r-devel-linux-x86_64-fedora-gcc | 0.9.0 | 76.64 | OK | |||
r-devel-windows-x86_64 | 0.9.0 | 29.00 | 79.00 | 108.00 | NOTE | |
r-patched-linux-x86_64 | 0.9.0 | 25.17 | 29.68 | 54.85 | OK | |
r-release-linux-x86_64 | 0.9.0 | 20.92 | 29.69 | 50.61 | OK | |
r-release-macos-arm64 | 0.9.0 | 32.00 | OK | |||
r-release-macos-x86_64 | 0.9.0 | 36.00 | OK | |||
r-release-windows-x86_64 | 0.9.0 | 30.00 | 83.00 | 113.00 | OK | |
r-oldrel-macos-arm64 | 0.9.0 | 31.00 | OK | |||
r-oldrel-macos-x86_64 | 0.9.0 | 41.00 | OK | |||
r-oldrel-windows-ix86+x86_64 | 0.9.0 | 66.00 | 82.00 | 148.00 | OK |
Version: 0.9.0
Check: C++ specification
Result: NOTE
Specified C++14: please update to current default of C++17
Flavor: r-devel-windows-x86_64