CRAN Package Check Results for Package ndl

Last updated on 2020-02-25 23:47:48 CET.

Flavor Version Tinstall Tcheck Ttotal Status Flags
r-devel-linux-x86_64-debian-clang 0.2.18 25.79 62.59 88.38 OK
r-devel-linux-x86_64-debian-gcc 0.2.18 18.18 48.67 66.85 OK
r-devel-linux-x86_64-fedora-clang 0.2.18 119.22 NOTE
r-devel-linux-x86_64-fedora-gcc 0.2.18 110.14 NOTE
r-devel-windows-ix86+x86_64 0.2.18 58.00 119.00 177.00 OK
r-devel-windows-ix86+x86_64-gcc8 0.2.18 62.00 124.00 186.00 OK
r-patched-linux-x86_64 0.2.18 20.35 57.56 77.91 OK
r-patched-solaris-x86 0.2.18 137.10 NOTE
r-release-linux-x86_64 0.2.18 21.74 57.93 79.67 OK
r-release-windows-ix86+x86_64 0.2.18 47.00 108.00 155.00 OK
r-release-osx-x86_64 0.2.18 NOTE
r-oldrel-windows-ix86+x86_64 0.2.18 42.00 115.00 157.00 OK
r-oldrel-osx-x86_64 0.2.18 NOTE

Check Details

Version: 0.2.18
Check: data for non-ASCII characters
Result: NOTE
     Note: found 7332 marked UTF-8 strings
Flavors: r-devel-linux-x86_64-fedora-clang, r-devel-linux-x86_64-fedora-gcc, r-patched-solaris-x86, r-release-osx-x86_64, r-oldrel-osx-x86_64