CRAN Package Check Results for Package ndl

Last updated on 2022-12-07 13:53:04 CET.

Flavor Version Tinstall Tcheck Ttotal Status Flags
r-devel-linux-x86_64-debian-clang 0.2.18 25.61 74.61 100.22 OK
r-devel-linux-x86_64-debian-gcc 0.2.18 20.38 54.97 75.35 OK
r-devel-linux-x86_64-fedora-clang 0.2.18 141.50 NOTE
r-devel-linux-x86_64-fedora-gcc 0.2.18 133.38 NOTE
r-devel-windows-x86_64 0.2.18 41.00 140.00 181.00 OK
r-patched-linux-x86_64 0.2.18 25.12 69.61 94.73 OK
r-release-linux-x86_64 0.2.18 19.27 70.31 89.58 OK
r-release-macos-arm64 0.2.18 41.00 NOTE
r-release-macos-x86_64 0.2.18 63.00 NOTE
r-release-windows-x86_64 0.2.18 45.00 136.00 181.00 OK
r-oldrel-macos-arm64 0.2.18 52.00 NOTE
r-oldrel-macos-x86_64 0.2.18 81.00 NOTE
r-oldrel-windows-ix86+x86_64 0.2.18 70.00 150.00 220.00 OK

Check Details

Version: 0.2.18
Check: data for non-ASCII characters
Result: NOTE
     Note: found 7332 marked UTF-8 strings
Flavors: r-devel-linux-x86_64-fedora-clang, r-devel-linux-x86_64-fedora-gcc, r-release-macos-arm64, r-release-macos-x86_64, r-oldrel-macos-arm64, r-oldrel-macos-x86_64