CRAN Package Check Results for Package ndl

Last updated on 2023-04-02 03:51:35 CEST.

Flavor Version Tinstall Tcheck Ttotal Status Flags
r-devel-linux-x86_64-debian-clang 0.2.18 25.57 70.12 95.69 OK
r-devel-linux-x86_64-debian-gcc 0.2.18 22.79 52.50 75.29 OK
r-devel-linux-x86_64-fedora-clang 0.2.18 129.98 NOTE
r-devel-linux-x86_64-fedora-gcc 0.2.18 121.28 NOTE
r-devel-windows-x86_64 0.2.18 38.00 137.00 175.00 OK
r-patched-linux-x86_64 0.2.18 24.30 67.21 91.51 OK
r-release-linux-x86_64 0.2.18 20.21 66.90 87.11 OK
r-release-macos-arm64 0.2.18 41.00 NOTE
r-release-macos-x86_64 0.2.18 63.00 NOTE
r-release-windows-x86_64 0.2.18 40.00 142.00 182.00 OK
r-oldrel-macos-arm64 0.2.18 52.00 NOTE
r-oldrel-macos-x86_64 0.2.18 81.00 NOTE
r-oldrel-windows-ix86+x86_64 0.2.18 66.00 146.00 212.00 OK

Check Details

Version: 0.2.18
Check: data for non-ASCII characters
Result: NOTE
     Note: found 7332 marked UTF-8 strings
Flavors: r-devel-linux-x86_64-fedora-clang, r-devel-linux-x86_64-fedora-gcc, r-release-macos-arm64, r-release-macos-x86_64, r-oldrel-macos-arm64, r-oldrel-macos-x86_64