CRAN Package Check Results for Package ndl

Last updated on 2019-10-15 18:48:57 CEST.

Flavor Version Tinstall Tcheck Ttotal Status Flags
r-devel-linux-x86_64-debian-clang 0.2.18 23.64 58.55 82.19 OK
r-devel-linux-x86_64-debian-gcc 0.2.18 18.51 45.74 64.25 OK
r-devel-linux-x86_64-fedora-clang 0.2.18 106.57 NOTE
r-devel-linux-x86_64-fedora-gcc 0.2.18 109.79 NOTE
r-devel-windows-ix86+x86_64 0.2.18 46.00 176.00 222.00 OK
r-patched-linux-x86_64 0.2.18 19.15 58.39 77.54 OK
r-patched-solaris-x86 0.2.18 130.20 NOTE
r-release-linux-x86_64 0.2.18 18.51 58.45 76.96 OK
r-release-windows-ix86+x86_64 0.2.18 65.00 109.00 174.00 OK
r-release-osx-x86_64 0.2.18 NOTE
r-oldrel-windows-ix86+x86_64 0.2.18 44.00 104.00 148.00 OK
r-oldrel-osx-x86_64 0.2.18 NOTE

Check Details

Version: 0.2.18
Check: data for non-ASCII characters
Result: NOTE
     Note: found 7332 marked UTF-8 strings
Flavors: r-devel-linux-x86_64-fedora-clang, r-devel-linux-x86_64-fedora-gcc, r-patched-solaris-x86, r-release-osx-x86_64, r-oldrel-osx-x86_64