CRAN Package Check Results for Package ndl

Last updated on 2020-06-05 08:50:54 CEST.

Flavor Version Tinstall Tcheck Ttotal Status Flags
r-devel-linux-x86_64-debian-clang 0.2.18 27.68 63.96 91.64 OK
r-devel-linux-x86_64-debian-gcc 0.2.18 22.38 48.42 70.80 OK
r-devel-linux-x86_64-fedora-clang 0.2.18 124.24 NOTE
r-devel-linux-x86_64-fedora-gcc 0.2.18 108.58 NOTE
r-devel-windows-ix86+x86_64 0.2.18 74.00 165.00 239.00 OK
r-patched-linux-x86_64 0.2.18 20.89 63.48 84.37 OK
r-patched-solaris-x86 0.2.18 137.40 NOTE
r-release-linux-x86_64 0.2.18 18.20 63.19 81.39 OK
r-release-osx-x86_64 0.2.18 NOTE
r-release-windows-ix86+x86_64 0.2.18 61.00 154.00 215.00 OK
r-oldrel-osx-x86_64 0.2.18 NOTE
r-oldrel-windows-ix86+x86_64 0.2.18 69.00 117.00 186.00 OK

Check Details

Version: 0.2.18
Check: data for non-ASCII characters
Result: NOTE
     Note: found 7332 marked UTF-8 strings
Flavors: r-devel-linux-x86_64-fedora-clang, r-devel-linux-x86_64-fedora-gcc, r-patched-solaris-x86, r-release-osx-x86_64, r-oldrel-osx-x86_64