CRAN Package Check Results for Package ndl

Last updated on 2020-03-30 12:49:13 CEST.

Flavor Version Tinstall Tcheck Ttotal Status Flags
r-devel-linux-x86_64-debian-clang 0.2.18 24.53 62.57 87.10 OK
r-devel-linux-x86_64-debian-gcc 0.2.18 19.35 48.25 67.60 OK
r-devel-linux-x86_64-fedora-clang 0.2.18 116.46 NOTE
r-devel-linux-x86_64-fedora-gcc 0.2.18 110.02 NOTE
r-devel-windows-ix86+x86_64 0.2.18 43.00 105.00 148.00 OK
r-devel-windows-ix86+x86_64-gcc8 0.2.18 53.00 125.00 178.00 OK
r-patched-linux-x86_64 0.2.18 19.20 60.42 79.62 OK
r-patched-solaris-x86 0.2.18 141.30 NOTE
r-release-linux-x86_64 0.2.18 20.19 57.78 77.97 OK
r-release-windows-ix86+x86_64 0.2.18 82.00 160.00 242.00 OK
r-release-osx-x86_64 0.2.18 NOTE
r-oldrel-windows-ix86+x86_64 0.2.18 65.00 148.00 213.00 OK
r-oldrel-osx-x86_64 0.2.18 NOTE

Check Details

Version: 0.2.18
Check: data for non-ASCII characters
Result: NOTE
     Note: found 7332 marked UTF-8 strings
Flavors: r-devel-linux-x86_64-fedora-clang, r-devel-linux-x86_64-fedora-gcc, r-patched-solaris-x86, r-release-osx-x86_64, r-oldrel-osx-x86_64