CRAN Package Check Results for Package ndl

Last updated on 2020-10-25 17:50:35 CET.

Flavor Version Tinstall Tcheck Ttotal Status Flags
r-devel-linux-x86_64-debian-clang 0.2.18 28.02 66.27 94.29 OK
r-devel-linux-x86_64-debian-gcc 0.2.18 21.88 49.61 71.49 OK
r-devel-linux-x86_64-fedora-clang 0.2.18 127.24 NOTE
r-devel-linux-x86_64-fedora-gcc 0.2.18 112.83 NOTE
r-devel-windows-ix86+x86_64 0.2.18 63.00 146.00 209.00 OK
r-patched-linux-x86_64 0.2.18 19.10 63.56 82.66 OK
r-patched-solaris-x86 0.2.18 143.10 NOTE
r-release-linux-x86_64 0.2.18 24.00 63.72 87.72 OK
r-release-macos-x86_64 0.2.18 NOTE
r-release-windows-ix86+x86_64 0.2.18 48.00 109.00 157.00 OK
r-oldrel-macos-x86_64 0.2.18 NOTE
r-oldrel-windows-ix86+x86_64 0.2.18 58.00 109.00 167.00 OK

Check Details

Version: 0.2.18
Check: data for non-ASCII characters
Result: NOTE
     Note: found 7332 marked UTF-8 strings
Flavors: r-devel-linux-x86_64-fedora-clang, r-devel-linux-x86_64-fedora-gcc, r-patched-solaris-x86, r-release-macos-x86_64, r-oldrel-macos-x86_64