CRAN Package Check Results for Package ndl

Last updated on 2021-09-23 07:49:47 CEST.

Flavor Version Tinstall Tcheck Ttotal Status Flags
r-devel-linux-x86_64-debian-clang 0.2.18 27.21 69.05 96.26 OK
r-devel-linux-x86_64-debian-gcc 0.2.18 17.98 51.79 69.77 OK
r-devel-linux-x86_64-fedora-clang 0.2.18 131.13 NOTE
r-devel-linux-x86_64-fedora-gcc 0.2.18 113.01 NOTE
r-devel-windows-x86_64 0.2.18 29.00 83.00 112.00 OK
r-devel-windows-x86_64-gcc10-UCRT 0.2.18 ERROR
r-patched-linux-x86_64 0.2.18 24.08 66.17 90.25 OK
r-patched-solaris-x86 0.2.18 146.80 NOTE
r-release-linux-x86_64 0.2.18 19.72 66.55 86.27 OK
r-release-macos-arm64 0.2.18 NOTE
r-release-macos-x86_64 0.2.18 NOTE
r-release-windows-ix86+x86_64 0.2.18 67.00 114.00 181.00 OK
r-oldrel-macos-x86_64 0.2.18 NOTE
r-oldrel-windows-ix86+x86_64 0.2.18 47.00 111.00 158.00 OK

Check Details

Version: 0.2.18
Check: data for non-ASCII characters
Result: NOTE
     Note: found 7332 marked UTF-8 strings
Flavors: r-devel-linux-x86_64-fedora-clang, r-devel-linux-x86_64-fedora-gcc, r-patched-solaris-x86, r-release-macos-arm64, r-release-macos-x86_64, r-oldrel-macos-x86_64

Version: 0.2.18
Check: package dependencies
Result: ERROR
    Package required but not available: 'Hmisc'
    
    See section 'The DESCRIPTION file' in the 'Writing R Extensions'
    manual.
Flavor: r-devel-windows-x86_64-gcc10-UCRT