CRAN Package Check Results for Package ndl

Last updated on 2021-02-28 22:47:10 CET.

Flavor Version Tinstall Tcheck Ttotal Status Flags
r-devel-linux-x86_64-debian-clang 0.2.18 OK
r-devel-linux-x86_64-debian-gcc 0.2.18 21.26 51.21 72.47 OK
r-devel-linux-x86_64-fedora-clang 0.2.18 130.34 NOTE
r-devel-linux-x86_64-fedora-gcc 0.2.18 115.07 NOTE
r-devel-windows-ix86+x86_64 0.2.18 47.00 118.00 165.00 OK
r-patched-linux-x86_64 0.2.18 16.43 66.15 82.58 OK
r-patched-solaris-x86 0.2.18 147.00 NOTE
r-release-linux-x86_64 0.2.18 16.44 65.95 82.39 OK
r-release-macos-x86_64 0.2.18 NOTE
r-release-windows-ix86+x86_64 0.2.18 66.00 151.00 217.00 OK
r-oldrel-macos-x86_64 0.2.18 NOTE
r-oldrel-windows-ix86+x86_64 0.2.18 40.00 136.00 176.00 OK

Check Details

Version: 0.2.18
Check: data for non-ASCII characters
Result: NOTE
     Note: found 7332 marked UTF-8 strings
Flavors: r-devel-linux-x86_64-fedora-clang, r-devel-linux-x86_64-fedora-gcc, r-patched-solaris-x86, r-release-macos-x86_64, r-oldrel-macos-x86_64