CRAN Package Check Results for Package ndl

Last updated on 2023-12-03 21:49:20 CET.

Flavor Version Tinstall Tcheck Ttotal Status Flags
r-devel-linux-x86_64-debian-clang 0.2.18 29.48 67.37 96.85 OK
r-devel-linux-x86_64-debian-gcc 0.2.18 20.35 51.23 71.58 OK
r-devel-linux-x86_64-fedora-clang 0.2.18 128.98 NOTE
r-devel-linux-x86_64-fedora-gcc 0.2.18 127.49 NOTE
r-devel-windows-x86_64 0.2.18 25.00 107.00 132.00 OK
r-patched-linux-x86_64 0.2.18 19.40 66.20 85.60 OK
r-release-linux-x86_64 0.2.18 18.54 66.76 85.30 OK
r-release-macos-arm64 0.2.18 46.00 OK
r-release-macos-x86_64 0.2.18 60.00 OK
r-release-windows-x86_64 0.2.18 33.00 121.00 154.00 OK
r-oldrel-macos-arm64 0.2.18 41.00 NOTE
r-oldrel-macos-x86_64 0.2.18 63.00 NOTE
r-oldrel-windows-x86_64 0.2.18 32.00 119.00 151.00 OK

Check Details

Version: 0.2.18
Check: data for non-ASCII characters
Result: NOTE Note: found 7332 marked UTF-8 strings Flavors: r-devel-linux-x86_64-fedora-clang, r-devel-linux-x86_64-fedora-gcc, r-oldrel-macos-arm64, r-oldrel-macos-x86_64