CRAN Package Check Results for Package ndl

Last updated on 2019-08-23 02:47:33 CEST.

Flavor Version Tinstall Tcheck Ttotal Status Flags
r-devel-linux-x86_64-debian-clang 0.2.18 21.44 59.05 80.49 OK
r-devel-linux-x86_64-debian-gcc 0.2.18 18.76 46.07 64.83 OK
r-devel-linux-x86_64-fedora-clang 0.2.18 108.95 NOTE
r-devel-linux-x86_64-fedora-gcc 0.2.18 103.02 NOTE
r-devel-windows-ix86+x86_64 0.2.18 75.00 165.00 240.00 OK
r-patched-linux-x86_64 0.2.18 18.76 58.98 77.74 OK
r-patched-solaris-x86 0.2.18 137.50 NOTE
r-release-linux-x86_64 0.2.18 21.49 59.05 80.54 OK
r-release-windows-ix86+x86_64 0.2.18 76.00 163.00 239.00 OK
r-release-osx-x86_64 0.2.18 NOTE
r-oldrel-windows-ix86+x86_64 0.2.18 61.00 152.00 213.00 OK
r-oldrel-osx-x86_64 0.2.18 NOTE

Check Details

Version: 0.2.18
Check: data for non-ASCII characters
Result: NOTE
     Note: found 7332 marked UTF-8 strings
Flavors: r-devel-linux-x86_64-fedora-clang, r-devel-linux-x86_64-fedora-gcc, r-patched-solaris-x86, r-release-osx-x86_64, r-oldrel-osx-x86_64