CRAN Package Check Results for Package ndl

Last updated on 2020-01-18 03:49:32 CET.

Flavor Version Tinstall Tcheck Ttotal Status Flags
r-devel-linux-x86_64-debian-clang 0.2.18 24.94 64.14 89.08 OK
r-devel-linux-x86_64-debian-gcc 0.2.18 18.98 48.09 67.07 OK
r-devel-linux-x86_64-fedora-clang 0.2.18 112.87 NOTE
r-devel-linux-x86_64-fedora-gcc 0.2.18 107.81 NOTE
r-devel-windows-ix86+x86_64 0.2.18 91.00 119.00 210.00 OK
r-devel-windows-ix86+x86_64-gcc8 0.2.18 60.00 172.00 232.00 OK
r-patched-linux-x86_64 0.2.18 20.17 58.18 78.35 OK
r-patched-solaris-x86 0.2.18 130.40 NOTE
r-release-linux-x86_64 0.2.18 17.71 57.29 75.00 OK
r-release-windows-ix86+x86_64 0.2.18 74.00 107.00 181.00 OK
r-release-osx-x86_64 0.2.18 NOTE
r-oldrel-windows-ix86+x86_64 0.2.18 63.00 102.00 165.00 OK
r-oldrel-osx-x86_64 0.2.18 NOTE

Check Details

Version: 0.2.18
Check: data for non-ASCII characters
Result: NOTE
     Note: found 7332 marked UTF-8 strings
Flavors: r-devel-linux-x86_64-fedora-clang, r-devel-linux-x86_64-fedora-gcc, r-patched-solaris-x86, r-release-osx-x86_64, r-oldrel-osx-x86_64