CRAN Package Check Results for Package ndl

Last updated on 2019-12-15 05:47:45 CET.

Flavor Version Tinstall Tcheck Ttotal Status Flags
r-devel-linux-x86_64-debian-clang 0.2.18 24.51 64.01 88.52 OK
r-devel-linux-x86_64-debian-gcc 0.2.18 19.34 48.51 67.85 OK
r-devel-linux-x86_64-fedora-clang 0.2.18 113.71 NOTE
r-devel-linux-x86_64-fedora-gcc 0.2.18 108.01 NOTE
r-devel-windows-ix86+x86_64 0.2.18 58.00 162.00 220.00 OK
r-devel-windows-ix86+x86_64-gcc8 0.2.18 63.00 155.00 218.00 OK
r-patched-linux-x86_64 0.2.18 20.08 58.26 78.34 OK
r-patched-solaris-x86 0.2.18 130.80 NOTE
r-release-linux-x86_64 0.2.18 20.61 58.12 78.73 OK
r-release-windows-ix86+x86_64 0.2.18 44.00 116.00 160.00 OK
r-release-osx-x86_64 0.2.18 NOTE
r-oldrel-windows-ix86+x86_64 0.2.18 43.00 112.00 155.00 OK
r-oldrel-osx-x86_64 0.2.18 NOTE

Check Details

Version: 0.2.18
Check: data for non-ASCII characters
Result: NOTE
     Note: found 7332 marked UTF-8 strings
Flavors: r-devel-linux-x86_64-fedora-clang, r-devel-linux-x86_64-fedora-gcc, r-patched-solaris-x86, r-release-osx-x86_64, r-oldrel-osx-x86_64