CRAN Package Check Results for Package needmining

Last updated on 2021-08-05 21:51:07 CEST.

Flavor Version Tinstall Tcheck Ttotal Status Flags
r-devel-linux-x86_64-debian-clang 0.1.1 3.75 39.51 43.26 OK
r-devel-linux-x86_64-debian-gcc 0.1.1 2.76 31.19 33.95 OK
r-devel-linux-x86_64-fedora-clang 0.1.1 61.03 OK
r-devel-linux-x86_64-fedora-gcc 0.1.1 50.80 OK
r-devel-windows-x86_64 0.1.1 7.00 62.00 69.00 OK
r-devel-windows-x86_64-gcc10-UCRT 0.1.1 ERROR
r-patched-linux-x86_64 0.1.1 4.12 38.17 42.29 OK
r-patched-solaris-x86 0.1.1 84.90 OK
r-release-linux-x86_64 0.1.1 3.83 38.03 41.86 OK
r-release-macos-arm64 0.1.1 OK
r-release-macos-x86_64 0.1.1 OK
r-release-windows-ix86+x86_64 0.1.1 12.00 59.00 71.00 OK
r-oldrel-macos-x86_64 0.1.1 OK
r-oldrel-windows-ix86+x86_64 0.1.1 23.00 58.00 81.00 OK

Check Details

Version: 0.1.1
Check: package dependencies
Result: ERROR
    Package required but not available: 'rtweet'
    
    See section 'The DESCRIPTION file' in the 'Writing R Extensions'
    manual.
Flavor: r-devel-windows-x86_64-gcc10-UCRT