Last updated on 2022-08-11 10:52:01 CEST.
Flavor | Version | Tinstall | Tcheck | Ttotal | Status | Flags |
---|---|---|---|---|---|---|
r-devel-linux-x86_64-debian-clang | 0.2 | 2.26 | 22.68 | 24.94 | NOTE | |
r-devel-linux-x86_64-debian-gcc | 0.2 | 1.64 | 18.11 | 19.75 | NOTE | |
r-devel-linux-x86_64-fedora-clang | 0.2 | 43.27 | NOTE | |||
r-devel-linux-x86_64-fedora-gcc | 0.2 | 40.08 | NOTE | |||
r-devel-windows-x86_64 | 0.2 | 12.00 | 55.00 | 67.00 | NOTE | |
r-patched-linux-x86_64 | 0.2 | 2.28 | 22.47 | 24.75 | NOTE | |
r-release-linux-x86_64 | 0.2 | NOTE | ||||
r-release-macos-arm64 | 0.2 | 16.00 | NOTE | |||
r-release-macos-x86_64 | 0.2 | 20.00 | NOTE | |||
r-release-windows-x86_64 | 0.2 | 10.00 | 54.00 | 64.00 | NOTE | |
r-oldrel-macos-arm64 | 0.2 | 22.00 | NOTE | |||
r-oldrel-macos-x86_64 | 0.2 | 28.00 | NOTE | |||
r-oldrel-windows-ix86+x86_64 | 0.2 | 5.00 | 40.00 | 45.00 | NOTE |
Version: 0.2
Check: DESCRIPTION meta-information
Result: NOTE
BugReports field is not a suitable URL but contains an email address:
use the Contact field instead
Flavors: r-devel-linux-x86_64-debian-clang, r-devel-linux-x86_64-debian-gcc, r-devel-linux-x86_64-fedora-clang, r-devel-linux-x86_64-fedora-gcc, r-devel-windows-x86_64, r-patched-linux-x86_64, r-release-linux-x86_64, r-release-macos-arm64, r-release-macos-x86_64, r-release-windows-x86_64, r-oldrel-macos-arm64, r-oldrel-macos-x86_64, r-oldrel-windows-ix86+x86_64