CRAN Package Check Results for Package neighbr

Last updated on 2021-10-28 03:50:54 CEST.

Flavor Version Tinstall Tcheck Ttotal Status Flags
r-devel-linux-x86_64-debian-clang 1.0.3 2.07 32.49 34.56 NOTE
r-devel-linux-x86_64-debian-gcc 1.0.3 1.68 25.08 26.76 NOTE
r-devel-linux-x86_64-fedora-clang 1.0.3 52.68 NOTE
r-devel-linux-x86_64-fedora-gcc 1.0.3 42.56 NOTE
r-devel-windows-x86_64 1.0.3 4.00 42.00 46.00 NOTE
r-devel-windows-x86_64-gcc10-UCRT 1.0.3 NOTE
r-patched-linux-x86_64 1.0.3 2.16 31.55 33.71 NOTE
r-patched-solaris-x86 1.0.3 59.70 NOTE
r-release-linux-x86_64 1.0.3 2.19 31.91 34.10 NOTE
r-release-macos-arm64 1.0.3 NOTE
r-release-macos-x86_64 1.0.3 NOTE
r-release-windows-ix86+x86_64 1.0.3 5.00 51.00 56.00 NOTE
r-oldrel-macos-x86_64 1.0.3 OK
r-oldrel-windows-ix86+x86_64 1.0.3 5.00 52.00 57.00 OK

Check Details

Version: 1.0.3
Check: LazyData
Result: NOTE
     'LazyData' is specified without a 'data' directory
Flavors: r-devel-linux-x86_64-debian-clang, r-devel-linux-x86_64-debian-gcc, r-devel-linux-x86_64-fedora-clang, r-devel-linux-x86_64-fedora-gcc, r-devel-windows-x86_64, r-devel-windows-x86_64-gcc10-UCRT, r-patched-linux-x86_64, r-patched-solaris-x86, r-release-linux-x86_64, r-release-macos-arm64, r-release-macos-x86_64, r-release-windows-ix86+x86_64