CRAN Package Check Results for Package neo4r

Last updated on 2021-01-21 05:47:28 CET.

Flavor Version Tinstall Tcheck Ttotal Status Flags
r-devel-linux-x86_64-debian-clang 0.1.1 6.67 52.59 59.26 OK
r-devel-linux-x86_64-debian-gcc 0.1.1 5.25 39.99 45.24 OK
r-devel-linux-x86_64-fedora-clang 0.1.1 79.51 NOTE
r-devel-linux-x86_64-fedora-gcc 0.1.1 70.60 NOTE
r-devel-windows-ix86+x86_64 0.1.1 12.00 56.00 68.00 OK
r-patched-linux-x86_64 0.1.1 6.21 48.44 54.65 OK
r-patched-solaris-x86 0.1.1 92.50 NOTE
r-release-linux-x86_64 0.1.1 5.85 48.82 54.67 OK
r-release-macos-x86_64 0.1.1 NOTE
r-release-windows-ix86+x86_64 0.1.1 26.00 74.00 100.00 OK
r-oldrel-macos-x86_64 0.1.1 NOTE
r-oldrel-windows-ix86+x86_64 0.1.1 11.00 50.00 61.00 OK

Check Details

Version: 0.1.1
Check: dependencies in R code
Result: NOTE
    Namespaces in Imports field not imported from:
     ‘igraph’ ‘rlang’ ‘tidyselect’
     All declared Imports should be used.
Flavors: r-devel-linux-x86_64-fedora-clang, r-devel-linux-x86_64-fedora-gcc, r-patched-solaris-x86, r-release-macos-x86_64, r-oldrel-macos-x86_64