CRAN Package Check Results for Package neptune

Last updated on 2020-09-18 19:49:10 CEST.

Flavor Version Tinstall Tcheck Ttotal Status Flags
r-devel-linux-x86_64-debian-clang 0.1.0 1.70 20.43 22.13 OK
r-devel-linux-x86_64-debian-gcc 0.1.0 1.49 16.16 17.65 OK
r-devel-linux-x86_64-fedora-clang 0.1.0 36.10 OK
r-devel-linux-x86_64-fedora-gcc 0.1.0 27.19 OK
r-devel-windows-ix86+x86_64 0.1.0 5.00 30.00 35.00 OK
r-patched-linux-x86_64 0.1.0 1.95 19.89 21.84 OK
r-patched-solaris-x86 0.1.0 41.00 OK
r-release-linux-x86_64 0.1.0 1.93 20.17 22.10 OK
r-release-macos-x86_64 0.1.0 OK
r-release-windows-ix86+x86_64 0.1.0 5.00 31.00 36.00 OK
r-oldrel-macos-x86_64 0.1.0 NOTE
r-oldrel-windows-ix86+x86_64 0.1.0 3.00 40.00 43.00 OK

Check Details

Version: 0.1.0
Check: dependencies in R code
Result: NOTE
    Missing or unexported object: ‘reticulate::use_miniconda’
Flavor: r-oldrel-macos-x86_64