CRAN Package Check Results for Package nestr

Last updated on 2021-10-20 10:53:12 CEST.

Flavor Version Tinstall Tcheck Ttotal Status Flags
r-devel-linux-x86_64-debian-clang 0.1.1 2.65 26.86 29.51 NOTE
r-devel-linux-x86_64-debian-gcc 0.1.1 2.03 21.76 23.79 NOTE
r-devel-linux-x86_64-fedora-clang 0.1.1 46.94 NOTE
r-devel-linux-x86_64-fedora-gcc 0.1.1 35.69 NOTE
r-devel-windows-x86_64 0.1.1 5.00 58.00 63.00 NOTE
r-devel-windows-x86_64-gcc10-UCRT 0.1.1 NOTE
r-patched-linux-x86_64 0.1.1 2.29 26.56 28.85 NOTE
r-patched-solaris-x86 0.1.1 57.00 NOTE
r-release-linux-x86_64 0.1.1 2.20 26.86 29.06 NOTE
r-release-macos-arm64 0.1.1 NOTE
r-release-macos-x86_64 0.1.1 NOTE
r-release-windows-ix86+x86_64 0.1.1 5.00 44.00 49.00 NOTE
r-oldrel-macos-x86_64 0.1.1 OK
r-oldrel-windows-ix86+x86_64 0.1.1 6.00 49.00 55.00 OK

Check Details

Version: 0.1.1
Check: LazyData
Result: NOTE
     'LazyData' is specified without a 'data' directory
Flavors: r-devel-linux-x86_64-debian-clang, r-devel-linux-x86_64-debian-gcc, r-devel-linux-x86_64-fedora-clang, r-devel-linux-x86_64-fedora-gcc, r-devel-windows-x86_64, r-devel-windows-x86_64-gcc10-UCRT, r-patched-linux-x86_64, r-patched-solaris-x86, r-release-linux-x86_64, r-release-macos-arm64, r-release-macos-x86_64, r-release-windows-ix86+x86_64