CRAN Package Check Results for Package netClust

Last updated on 2021-06-25 01:49:55 CEST.

Flavor Version Tinstall Tcheck Ttotal Status Flags
r-devel-linux-x86_64-debian-clang 1.0.1 56.41 32.16 88.57 OK
r-devel-linux-x86_64-debian-gcc 1.0.1 41.41 24.59 66.00 OK
r-devel-linux-x86_64-fedora-clang 1.0.1 134.27 OK
r-devel-linux-x86_64-fedora-gcc 1.0.1 114.77 OK
r-devel-windows-x86_64 1.0.1 63.00 50.00 113.00 OK
r-devel-windows-x86_64-gcc10-UCRT 1.0.1 OK
r-patched-linux-x86_64 1.0.1 44.25 31.53 75.78 OK
r-patched-solaris-x86 1.0.1 113.60 OK
r-release-linux-x86_64 1.0.1 47.18 31.27 78.45 OK
r-release-macos-arm64 1.0.1 NOTE
r-release-macos-x86_64 1.0.1 NOTE
r-release-windows-ix86+x86_64 1.0.1 120.00 82.00 202.00 OK
r-oldrel-macos-x86_64 1.0.1 NOTE
r-oldrel-windows-ix86+x86_64 1.0.1 121.00 91.00 212.00 OK

Check Details

Version: 1.0.1
Check: installed package size
Result: NOTE
     installed size is 7.0Mb
     sub-directories of 1Mb or more:
     libs 6.9Mb
Flavors: r-release-macos-arm64, r-release-macos-x86_64, r-oldrel-macos-x86_64