CRAN Package Check Results for Package netClust

Last updated on 2020-11-30 18:17:23 CET.

Flavor Version Tinstall Tcheck Ttotal Status Flags
r-devel-linux-x86_64-debian-clang 1.0.1 75.99 33.58 109.57 OK
r-devel-linux-x86_64-debian-gcc 1.0.1 84.67 25.73 110.40 OK
r-devel-linux-x86_64-fedora-clang 1.0.1 130.44 NOTE
r-devel-linux-x86_64-fedora-gcc 1.0.1 113.30 OK
r-devel-windows-ix86+x86_64 1.0.1 117.00 79.00 196.00 OK
r-patched-linux-x86_64 1.0.1 126.19 32.94 159.13 OK
r-patched-solaris-x86 1.0.1 107.60 OK
r-release-linux-x86_64 1.0.1 122.01 32.24 154.25 OK
r-release-macos-x86_64 1.0.1 NOTE
r-release-windows-ix86+x86_64 1.0.1 124.00 66.00 190.00 OK
r-oldrel-macos-x86_64 1.0.1 NOTE
r-oldrel-windows-ix86+x86_64 1.0.1 87.00 74.00 161.00 OK

Check Details

Version: 1.0.1
Check: installed package size
Result: NOTE
     installed size is 5.6Mb
     sub-directories of 1Mb or more:
     libs 5.5Mb
Flavors: r-devel-linux-x86_64-fedora-clang, r-release-macos-x86_64, r-oldrel-macos-x86_64