CRAN Package Check Results for Package netShiny

Last updated on 2023-03-24 00:51:36 CET.

Flavor Version Tinstall Tcheck Ttotal Status Flags
r-devel-linux-x86_64-debian-clang 1.0 8.89 60.97 69.86 OK
r-devel-linux-x86_64-debian-gcc 1.0 8.92 46.66 55.58 OK
r-devel-linux-x86_64-fedora-clang 1.0 92.11 OK
r-devel-linux-x86_64-fedora-gcc 1.0 94.71 OK
r-patched-linux-x86_64 1.0 9.71 63.38 73.09 OK
r-release-linux-x86_64 1.0 7.00 62.71 69.71 OK
r-release-macos-arm64 1.0 6.00 ERROR
r-release-macos-x86_64 1.0 8.00 ERROR
r-release-windows-x86_64 1.0 27.00 129.00 156.00 OK
r-oldrel-macos-arm64 1.0 10.00 ERROR
r-oldrel-macos-x86_64 1.0 11.00 ERROR
r-oldrel-windows-ix86+x86_64 1.0 22.00 19.00 41.00 ERROR

Check Details

Version: 1.0
Check: package dependencies
Result: ERROR
    Packages required and available but unsuitable versions: 'stats', 'utils'
    
    See section ‘The DESCRIPTION file’ in the ‘Writing R Extensions’
    manual.
Flavors: r-release-macos-arm64, r-release-macos-x86_64, r-oldrel-macos-arm64, r-oldrel-macos-x86_64, r-oldrel-windows-ix86+x86_64