CRAN Package Check Results for Package netdep

Last updated on 2020-04-10 04:48:49 CEST.

Flavor Version Tinstall Tcheck Ttotal Status Flags
r-devel-linux-x86_64-debian-clang 0.1.0 3.06 63.19 66.25 OK
r-devel-linux-x86_64-debian-gcc 0.1.0 2.27 47.62 49.89 OK
r-devel-linux-x86_64-fedora-clang 0.1.0 77.71 NOTE
r-devel-linux-x86_64-fedora-gcc 0.1.0 83.62 NOTE
r-devel-windows-ix86+x86_64 0.1.0 6.00 74.00 80.00 OK
r-devel-windows-ix86+x86_64-gcc8 0.1.0 6.00 75.00 81.00 OK
r-patched-linux-x86_64 0.1.0 2.21 61.30 63.51 OK
r-patched-osx-x86_64 0.1.0 WARN
r-patched-solaris-x86 0.1.0 116.20 NOTE
r-release-linux-x86_64 0.1.0 2.30 56.69 58.99 OK
r-release-windows-ix86+x86_64 0.1.0 5.00 100.00 105.00 OK
r-release-osx-x86_64 0.1.0 NOTE
r-oldrel-windows-ix86+x86_64 0.1.0 5.00 72.00 77.00 OK
r-oldrel-osx-x86_64 0.1.0 NOTE

Check Details

Version: 0.1.0
Check: dependencies in R code
Result: NOTE
    Namespace in Imports field not imported from: ‘mvrtn’
     All declared Imports should be used.
Flavors: r-devel-linux-x86_64-fedora-clang, r-devel-linux-x86_64-fedora-gcc, r-patched-osx-x86_64, r-patched-solaris-x86, r-release-osx-x86_64, r-oldrel-osx-x86_64

Version: 0.1.0
Check: re-building of vignette outputs
Result: WARN
    Error(s) in re-building vignettes:
    --- re-building ‘nettest.Rmd’ using rmarkdown
    
    Attaching package: 'igraph'
    
    The following objects are masked from 'package:stats':
    
     decompose, spectrum
    
    The following object is masked from 'package:base':
    
     union
    
    dyld: lazy symbol binding failed: Symbol not found: ____chkstk_darwin
     Referenced from: /usr/local/bin/pandoc (which was built for Mac OS X 10.15)
     Expected in: /usr/lib/libSystem.B.dylib
    
    dyld: Symbol not found: ____chkstk_darwin
     Referenced from: /usr/local/bin/pandoc (which was built for Mac OS X 10.15)
     Expected in: /usr/lib/libSystem.B.dylib
    
    Error: processing vignette 'nettest.Rmd' failed with diagnostics:
    pandoc document conversion failed with error 6
    --- failed re-building ‘nettest.Rmd’
    
    SUMMARY: processing the following file failed:
     ‘nettest.Rmd’
    
    Error: Vignette re-building failed.
    Execution halted
Flavor: r-patched-osx-x86_64