Last updated on 2023-05-28 00:56:23 CEST.
Flavor | Version | Tinstall | Tcheck | Ttotal | Status | Flags |
---|---|---|---|---|---|---|
r-devel-linux-x86_64-debian-clang | 1.3.2 | 8.09 | 68.63 | 76.72 | NOTE | |
r-devel-linux-x86_64-debian-gcc | 1.3.2 | 7.03 | 50.56 | 57.59 | NOTE | |
r-devel-linux-x86_64-fedora-clang | 1.3.2 | 95.96 | NOTE | |||
r-devel-linux-x86_64-fedora-gcc | 1.3.2 | 89.83 | NOTE | |||
r-devel-windows-x86_64 | 1.3.2 | 9.00 | 73.00 | 82.00 | NOTE | |
r-patched-linux-x86_64 | 1.3.2 | 6.51 | 64.38 | 70.89 | NOTE | |
r-release-linux-x86_64 | 1.3.2 | 9.39 | 62.34 | 71.73 | NOTE | |
r-release-macos-arm64 | 1.3.2 | 31.00 | NOTE | |||
r-release-macos-x86_64 | 1.3.2 | 47.00 | NOTE | |||
r-release-windows-x86_64 | 1.3.2 | 11.00 | 81.00 | 92.00 | NOTE | |
r-oldrel-macos-arm64 | 1.3.2 | 31.00 | NOTE | |||
r-oldrel-macos-x86_64 | 1.3.2 | 56.00 | NOTE | |||
r-oldrel-windows-x86_64 | 1.3.2 | 11.00 | 80.00 | 91.00 | NOTE |
Version: 1.3.2
Check: dependencies in R code
Result: NOTE
‘:::’ call which should be ‘::’: ‘lhs:::maximinLHS’
See the note in ?`:::` about the use of this operator.
Flavors: r-devel-linux-x86_64-debian-clang, r-devel-linux-x86_64-debian-gcc, r-devel-linux-x86_64-fedora-clang, r-devel-linux-x86_64-fedora-gcc, r-devel-windows-x86_64, r-patched-linux-x86_64, r-release-linux-x86_64, r-release-macos-arm64, r-release-macos-x86_64, r-release-windows-x86_64
Version: 1.3.2
Check: Rd files
Result: NOTE
checkRd: (-1) exportToTSPlibFormat.Rd:32: Escaped LaTeX specials: \_
checkRd: (-1) exportToTSPlibFormat.Rd:32: Escaped LaTeX specials: \_ \_
checkRd: (-1) makeNetwork.Rd:31: Escaped LaTeX specials: \_
Flavors: r-devel-linux-x86_64-debian-clang, r-devel-linux-x86_64-debian-gcc, r-devel-linux-x86_64-fedora-clang, r-devel-linux-x86_64-fedora-gcc, r-devel-windows-x86_64, r-patched-linux-x86_64, r-release-linux-x86_64, r-release-macos-arm64, r-release-macos-x86_64, r-release-windows-x86_64
Version: 1.3.2
Check: LazyData
Result: NOTE
'LazyData' is specified without a 'data' directory
Flavors: r-devel-linux-x86_64-debian-clang, r-devel-linux-x86_64-debian-gcc, r-devel-linux-x86_64-fedora-clang, r-devel-linux-x86_64-fedora-gcc, r-devel-windows-x86_64, r-patched-linux-x86_64, r-release-linux-x86_64, r-release-macos-arm64, r-release-macos-x86_64, r-release-windows-x86_64, r-oldrel-macos-arm64, r-oldrel-macos-x86_64, r-oldrel-windows-x86_64