CRAN Package Check Results for Package netgsa

Last updated on 2021-10-23 18:54:29 CEST.

Flavor Version Tinstall Tcheck Ttotal Status Flags
r-devel-linux-x86_64-debian-clang 4.0.1 71.85 263.51 335.36 OK
r-devel-linux-x86_64-debian-gcc 4.0.1 61.81 198.52 260.33 OK
r-devel-linux-x86_64-fedora-clang 4.0.1 429.14 NOTE
r-devel-linux-x86_64-fedora-gcc 4.0.1 416.85 OK
r-devel-windows-x86_64 4.0.1 96.00 311.00 407.00 OK
r-devel-windows-x86_64-gcc10-UCRT 4.0.1 OK
r-patched-linux-x86_64 4.0.1 74.07 249.85 323.92 OK
r-patched-solaris-x86 4.0.1 464.50 OK
r-release-linux-x86_64 4.0.1 71.20 250.55 321.75 OK
r-release-macos-arm64 4.0.1 NOTE
r-release-macos-x86_64 4.0.1 ERROR
r-release-windows-ix86+x86_64 4.0.1 116.00 337.00 453.00 NOTE
r-oldrel-macos-x86_64 4.0.1 ERROR
r-oldrel-windows-ix86+x86_64 4.0.1 155.00 316.00 471.00 NOTE

Check Details

Version: 4.0.1
Check: package dependencies
Result: NOTE
    Imports includes 22 non-default packages.
    Importing from so many packages makes the package vulnerable to any of
    them becoming unavailable. Move as many as possible to Suggests and
    use conditionally.
Flavor: r-devel-linux-x86_64-fedora-clang

Version: 4.0.1
Check: installed package size
Result: NOTE
     installed size is 20.5Mb
     sub-directories of 1Mb or more:
     doc 2.8Mb
     libs 16.8Mb
Flavors: r-devel-linux-x86_64-fedora-clang, r-release-macos-arm64, r-release-windows-ix86+x86_64, r-oldrel-windows-ix86+x86_64

Version: 4.0.1
Check: package dependencies
Result: ERROR
    Packages required but not available: 'ndexr', 'org.Hs.eg.db'
    
    See section ‘The DESCRIPTION file’ in the ‘Writing R Extensions’
    manual.
Flavor: r-release-macos-x86_64

Version: 4.0.1
Check: package dependencies
Result: ERROR
    Package required but not available: ‘ndexr’
    
    See section ‘The DESCRIPTION file’ in the ‘Writing R Extensions’
    manual.
Flavor: r-oldrel-macos-x86_64