Last updated on 2022-05-17 05:52:52 CEST.
Flavor | Version | Tinstall | Tcheck | Ttotal | Status | Flags |
---|---|---|---|---|---|---|
r-devel-linux-x86_64-debian-clang | 4.0.3 | 80.56 | 305.91 | 386.47 | WARN | |
r-devel-linux-x86_64-debian-gcc | 4.0.3 | 67.30 | 229.04 | 296.34 | OK | |
r-devel-linux-x86_64-fedora-clang | 4.0.3 | 477.68 | WARN | |||
r-devel-linux-x86_64-fedora-gcc | 4.0.3 | 483.42 | OK | |||
r-devel-windows-x86_64 | 4.0.3 | 70.00 | 317.00 | 387.00 | OK | |
r-patched-linux-x86_64 | 4.0.3 | 81.30 | 290.61 | 371.91 | OK | |
r-release-linux-x86_64 | 4.0.3 | 74.78 | 293.14 | 367.92 | OK | |
r-release-macos-arm64 | 4.0.3 | 117.00 | NOTE | |||
r-release-macos-x86_64 | 4.0.3 | 195.00 | NOTE | |||
r-release-windows-x86_64 | 4.0.3 | 79.00 | 302.00 | 381.00 | OK | |
r-oldrel-macos-arm64 | 4.0.3 | 106.00 | NOTE | |||
r-oldrel-macos-x86_64 | 4.0.3 | 151.00 | NOTE | |||
r-oldrel-windows-ix86+x86_64 | 4.0.3 | 170.00 | 390.00 | 560.00 | NOTE |
Version: 4.0.3
Check: whether package can be installed
Result: WARN
Found the following significant warnings:
rcpp_lin_alg.cpp:9:8: warning: use of bitwise '|' with boolean operands [-Wbitwise-instead-of-logical]
rcpp_lin_alg.cpp:9:35: warning: use of bitwise '&' with boolean operands [-Wbitwise-instead-of-logical]
rcpp_lin_alg.cpp:30:8: warning: use of bitwise '|' with boolean operands [-Wbitwise-instead-of-logical]
rcpp_lin_alg.cpp:48:8: warning: use of bitwise '|' with boolean operands [-Wbitwise-instead-of-logical]
rcpp_lin_alg.cpp:48:35: warning: use of bitwise '&' with boolean operands [-Wbitwise-instead-of-logical]
Flavors: r-devel-linux-x86_64-debian-clang, r-devel-linux-x86_64-fedora-clang
Version: 4.0.3
Check: package dependencies
Result: NOTE
Imports includes 21 non-default packages.
Importing from so many packages makes the package vulnerable to any of
them becoming unavailable. Move as many as possible to Suggests and
use conditionally.
Flavor: r-devel-linux-x86_64-fedora-clang
Version: 4.0.3
Check: installed package size
Result: NOTE
installed size is 20.2Mb
sub-directories of 1Mb or more:
doc 2.8Mb
libs 16.5Mb
Flavors: r-devel-linux-x86_64-fedora-clang, r-release-macos-arm64, r-release-macos-x86_64, r-oldrel-macos-arm64, r-oldrel-macos-x86_64, r-oldrel-windows-ix86+x86_64
Version: 4.0.3
Check: package dependencies
Result: NOTE
Package suggested but not available for checking: ‘ndexr’
Flavor: r-release-macos-arm64