CRAN Package Check Results for Package netjack

Last updated on 2019-08-26 11:48:50 CEST.

Flavor Version Tinstall Tcheck Ttotal Status Flags
r-devel-linux-x86_64-debian-clang 1.2.0 3.14 58.64 61.78 OK
r-devel-linux-x86_64-debian-gcc 1.2.0 2.92 44.95 47.87 OK
r-devel-linux-x86_64-fedora-clang 1.2.0 71.17 NOTE
r-devel-linux-x86_64-fedora-gcc 1.2.0 71.17 NOTE
r-devel-windows-ix86+x86_64 1.2.0 17.00 71.00 88.00 OK
r-patched-linux-x86_64 1.2.0 3.47 57.37 60.84 OK
r-patched-solaris-x86 1.2.0 102.10 NOTE
r-release-linux-x86_64 1.2.0 3.09 56.18 59.27 OK
r-release-windows-ix86+x86_64 1.2.0 10.00 97.00 107.00 OK
r-release-osx-x86_64 1.2.0 NOTE
r-oldrel-windows-ix86+x86_64 1.1.1 8.00 65.00 73.00 OK
r-oldrel-osx-x86_64 1.2.0 ERROR

Check Details

Version: 1.2.0
Check: dependencies in R code
Result: NOTE
    Namespace in Imports field not imported from: ‘Rdpack’
     All declared Imports should be used.
Flavors: r-devel-linux-x86_64-fedora-clang, r-devel-linux-x86_64-fedora-gcc, r-patched-solaris-x86, r-release-osx-x86_64

Version: 1.2.0
Check: whether package can be installed
Result: ERROR
    Installation failed.
Flavor: r-oldrel-osx-x86_64