CRAN Package Check Results for Package netjack

Last updated on 2019-03-19 03:48:37 CET.

Flavor Version Tinstall Tcheck Ttotal Status Flags
r-devel-linux-x86_64-debian-clang 1.1.1 2.72 56.76 59.48 OK
r-devel-linux-x86_64-debian-gcc 1.1.1 2.54 44.06 46.60 OK
r-devel-linux-x86_64-fedora-clang 1.1.1 74.08 NOTE
r-devel-linux-x86_64-fedora-gcc 1.1.1 65.44 NOTE
r-devel-windows-ix86+x86_64 1.1.1 10.00 75.00 85.00 OK
r-patched-linux-x86_64 1.1.1 2.36 57.27 59.63 OK
r-patched-solaris-x86 1.1.1 97.40 NOTE
r-release-linux-x86_64 1.1.1 2.40 57.33 59.73 OK
r-release-windows-ix86+x86_64 1.1.1 5.00 98.00 103.00 OK
r-release-osx-x86_64 1.1.1 NOTE
r-oldrel-windows-ix86+x86_64 1.1.1 8.00 105.00 113.00 OK
r-oldrel-osx-x86_64 1.1.1 NOTE

Check Details

Version: 1.1.1
Check: dependencies in R code
Result: NOTE
    Namespace in Imports field not imported from: ‘Rdpack’
     All declared Imports should be used.
Flavors: r-devel-linux-x86_64-fedora-clang, r-devel-linux-x86_64-fedora-gcc, r-patched-solaris-x86, r-release-osx-x86_64, r-oldrel-osx-x86_64