CRAN Package Check Results for Package netjack

Last updated on 2021-01-27 08:48:19 CET.

Flavor Version Tinstall Tcheck Ttotal Status Flags
r-devel-linux-x86_64-debian-clang 1.2.0 4.46 55.83 60.29 OK
r-devel-linux-x86_64-debian-gcc 1.2.0 3.41 42.45 45.86 OK
r-devel-linux-x86_64-fedora-clang 1.2.0 80.75 NOTE
r-devel-linux-x86_64-fedora-gcc 1.2.0 74.09 NOTE
r-devel-windows-ix86+x86_64 1.2.0 12.00 62.00 74.00 OK
r-patched-linux-x86_64 1.2.0 3.80 54.56 58.36 OK
r-patched-solaris-x86 1.2.0 98.90 NOTE
r-release-linux-x86_64 1.2.0 3.28 54.56 57.84 OK
r-release-macos-x86_64 1.2.0 NOTE
r-release-windows-ix86+x86_64 1.2.0 12.00 62.00 74.00 OK
r-oldrel-macos-x86_64 1.2.0 NOTE
r-oldrel-windows-ix86+x86_64 1.2.0 6.00 84.00 90.00 OK

Check Details

Version: 1.2.0
Check: dependencies in R code
Result: NOTE
    Namespace in Imports field not imported from: ‘Rdpack’
     All declared Imports should be used.
Flavors: r-devel-linux-x86_64-fedora-clang, r-devel-linux-x86_64-fedora-gcc, r-patched-solaris-x86, r-release-macos-x86_64, r-oldrel-macos-x86_64