CRAN Package Check Results for Package netjack

Last updated on 2018-11-17 11:46:58 CET.

Flavor Version Tinstall Tcheck Ttotal Status Flags
r-devel-linux-x86_64-debian-clang 1.1.1 2.32 58.11 60.43 OK
r-devel-linux-x86_64-debian-gcc 1.1.1 1.44 45.71 47.15 OK
r-devel-linux-x86_64-fedora-clang 1.1.1 75.09 NOTE
r-devel-linux-x86_64-fedora-gcc 1.1.1 68.72 NOTE
r-devel-windows-ix86+x86_64 1.1.1 9.00 96.00 105.00 OK
r-patched-linux-x86_64 1.1.1 2.53 56.09 58.62 OK
r-patched-solaris-x86 1.1.1 97.70 NOTE
r-release-linux-x86_64 1.1.1 2.10 55.94 58.04 OK
r-release-windows-ix86+x86_64 1.1.1 5.00 79.00 84.00 OK
r-release-osx-x86_64 1.1.1 NOTE
r-oldrel-windows-ix86+x86_64 1.1.1 5.00 88.00 93.00 OK
r-oldrel-osx-x86_64 1.1.1 NOTE

Check Details

Version: 1.1.1
Check: dependencies in R code
Result: NOTE
    Namespace in Imports field not imported from: ‘Rdpack’
     All declared Imports should be used.
Flavors: r-devel-linux-x86_64-fedora-clang, r-devel-linux-x86_64-fedora-gcc, r-patched-solaris-x86, r-release-osx-x86_64, r-oldrel-osx-x86_64