CRAN Package Check Results for Package netjack

Last updated on 2019-01-17 20:47:12 CET.

Flavor Version Tinstall Tcheck Ttotal Status Flags
r-devel-linux-x86_64-debian-clang 1.1.1 2.76 61.30 64.06 OK
r-devel-linux-x86_64-debian-gcc 1.1.1 2.01 47.59 49.60 OK
r-devel-linux-x86_64-fedora-clang 1.1.1 75.36 NOTE
r-devel-linux-x86_64-fedora-gcc 1.1.1 70.22 NOTE
r-devel-windows-ix86+x86_64 1.1.1 7.00 101.00 108.00 OK
r-patched-linux-x86_64 1.1.1 2.58 56.46 59.04 OK
r-patched-solaris-x86 1.1.1 108.30 NOTE
r-release-linux-x86_64 1.1.1 1.51 57.37 58.88 OK
r-release-windows-ix86+x86_64 1.1.1 9.00 88.00 97.00 OK
r-release-osx-x86_64 1.1.1 NOTE
r-oldrel-windows-ix86+x86_64 1.1.1 4.00 111.00 115.00 OK
r-oldrel-osx-x86_64 1.1.1 NOTE

Check Details

Version: 1.1.1
Check: dependencies in R code
Result: NOTE
    Namespace in Imports field not imported from: ‘Rdpack’
     All declared Imports should be used.
Flavors: r-devel-linux-x86_64-fedora-clang, r-devel-linux-x86_64-fedora-gcc, r-patched-solaris-x86, r-release-osx-x86_64, r-oldrel-osx-x86_64