CRAN Package Check Results for Package netmeta

Last updated on 2020-10-22 19:49:09 CEST.

Flavor Version Tinstall Tcheck Ttotal Status Flags
r-devel-linux-x86_64-debian-clang 1.2-1 24.75 349.90 374.65 OK
r-devel-linux-x86_64-debian-gcc 1.2-1 19.40 258.94 278.34 OK
r-devel-linux-x86_64-fedora-clang 1.2-1 465.13 NOTE
r-devel-linux-x86_64-fedora-gcc 1.2-1 447.75 NOTE
r-devel-windows-ix86+x86_64 1.2-1 44.00 401.00 445.00 OK
r-patched-linux-x86_64 1.2-1 22.62 331.79 354.41 OK
r-patched-solaris-x86 1.2-1 534.70 NOTE
r-release-linux-x86_64 1.2-1 24.45 335.94 360.39 OK
r-release-macos-x86_64 1.2-1 NOTE
r-release-windows-ix86+x86_64 1.2-1 47.00 301.00 348.00 OK
r-oldrel-macos-x86_64 1.2-1 NOTE
r-oldrel-windows-ix86+x86_64 1.2-1 43.00 280.00 323.00 OK

Check Details

Version: 1.2-1
Check: data for non-ASCII characters
Result: NOTE
     Note: found 1 marked UTF-8 string
Flavors: r-devel-linux-x86_64-fedora-clang, r-devel-linux-x86_64-fedora-gcc, r-patched-solaris-x86, r-release-macos-x86_64, r-oldrel-macos-x86_64