CRAN Package Check Results for Package netmeta

Last updated on 2021-05-18 11:49:08 CEST.

Flavor Version Tinstall Tcheck Ttotal Status Flags
r-devel-linux-x86_64-debian-clang 1.4-0 24.64 388.39 413.03 OK
r-devel-linux-x86_64-debian-gcc 1.4-0 21.09 284.76 305.85 OK
r-devel-linux-x86_64-fedora-clang 1.4-0 492.71 NOTE
r-devel-linux-x86_64-fedora-gcc 1.4-0 497.39 NOTE
r-devel-windows-ix86+x86_64 1.4-0 52.00 450.00 502.00 OK
r-devel-windows-x86_64-gcc10-UCRT 1.4-0 NOTE
r-patched-linux-x86_64 1.4-0 30.93 370.24 401.17 OK
r-patched-solaris-x86 1.4-0 588.80 NOTE
r-release-linux-x86_64 1.4-0 25.65 365.77 391.42 OK
r-release-macos-x86_64 1.4-0 NOTE
r-release-windows-ix86+x86_64 1.4-0 43.00 329.00 372.00 OK
r-oldrel-macos-x86_64 1.4-0 NOTE
r-oldrel-windows-ix86+x86_64 1.4-0 38.00 220.00 258.00 OK

Check Details

Version: 1.4-0
Check: data for non-ASCII characters
Result: NOTE
     Note: found 1 marked UTF-8 string
Flavors: r-devel-linux-x86_64-fedora-clang, r-devel-linux-x86_64-fedora-gcc, r-devel-windows-x86_64-gcc10-UCRT, r-patched-solaris-x86, r-release-macos-x86_64, r-oldrel-macos-x86_64

Version: 1.4-0
Check: package dependencies
Result: NOTE
    Package suggested but not available for checking: 'hasseDiagram'
Flavor: r-devel-windows-x86_64-gcc10-UCRT

Version: 1.4-0
Check: Rd cross-references
Result: NOTE
    Package unavailable to check Rd xrefs: 'hasseDiagram'
Flavor: r-devel-windows-x86_64-gcc10-UCRT