CRAN Package Check Results for Package networkDynamic

Last updated on 2018-01-21 07:47:24 CET.

Flavor Version Tinstall Tcheck Ttotal Status Flags
r-devel-linux-x86_64-debian-clang 0.9.0 4.11 123.96 128.07 OK
r-devel-linux-x86_64-debian-gcc 0.9.0 2.95 93.69 96.64 OK
r-devel-linux-x86_64-fedora-clang 0.9.0 144.43 OK
r-devel-linux-x86_64-fedora-gcc 0.9.0 144.83 OK
r-devel-windows-ix86+x86_64 0.9.0 20.00 192.00 212.00 OK
r-patched-linux-x86_64 0.9.0 4.05 119.44 123.49 OK
r-patched-solaris-x86 0.9.0 174.60 OK
r-release-linux-x86_64 0.9.0 3.54 119.33 122.87 OK
r-release-windows-ix86+x86_64 0.9.0 26.00 245.00 271.00 OK
r-release-osx-x86_64 0.9.0 NOTE
r-oldrel-windows-ix86+x86_64 0.9.0 21.00 135.00 156.00 OK
r-oldrel-osx-x86_64 0.9.0 OK

Check Details

Version: 0.9.0
Check: re-building of vignette outputs
Result: NOTE
    Error in re-building vignettes:
     ...
    
    trying URL 'http://vlado.fmf.uni-lj.si/pub/networks/data/esna/Sampson.zip'
    Content type 'application/zip' length 2182 bytes
    ==================================================
    downloaded 2182 bytes
    
    Warning in get.vertex.attribute.active(net, "happiness", onset = 2.5, terminus = 4.5) :
     Multiple attribute values matched query spell for attribute happiness.active on some vertices. Only earliest value used
    
    Error in texi2dvi(file = file, pdf = TRUE, clean = clean, quiet = quiet, :
     Running 'texi2dvi' on 'networkDynamic.tex' failed.
    LaTeX errors:
    ! LaTeX Error: File `comment.sty' not found.
    
    Type X to quit or <RETURN> to proceed,
    or enter new name. (Default extension: sty)
    
    ! Emergency stop.
    <read *>
    
    l.6 \usepackage
     {color}^^M
    ! ==> Fatal error occurred, no output PDF file produced!
    Calls: buildVignettes -> texi2pdf -> texi2dvi
    Execution halted
Flavor: r-release-osx-x86_64