CRAN Package Check Results for Package networkscaleup

Last updated on 2022-10-07 23:52:41 CEST.

Flavor Version Tinstall Tcheck Ttotal Status Flags
r-devel-linux-x86_64-debian-clang 0.1-1 2015.46 326.82 2342.28 NOTE
r-devel-linux-x86_64-debian-gcc 0.1-1 1812.76 333.27 2146.03 NOTE
r-devel-linux-x86_64-fedora-clang 0.1-1 2930.00 NOTE
r-devel-linux-x86_64-fedora-gcc 0.1-1 3562.94 NOTE
r-devel-windows-x86_64 0.1-1 1258.00 575.00 1833.00 NOTE
r-patched-linux-x86_64 0.1-1 1571.83 420.46 1992.29 NOTE
r-release-linux-x86_64 0.1-1 1586.87 433.55 2020.42 NOTE
r-release-macos-arm64 0.1-1 786.00 NOTE
r-release-macos-x86_64 0.1-1 1285.00 NOTE
r-release-windows-x86_64 0.1-1 1990.00 573.00 2563.00 NOTE
r-oldrel-macos-arm64 0.1-1 802.00 NOTE
r-oldrel-macos-x86_64 0.1-1 985.00 NOTE
r-oldrel-windows-ix86+x86_64 0.1-1 4267.00 699.00 4966.00 NOTE

Check Details

Version: 0.1-1
Check: for GNU extensions in Makefiles
Result: NOTE
    GNU make is a SystemRequirements.
Flavors: r-devel-linux-x86_64-debian-clang, r-devel-linux-x86_64-debian-gcc, r-devel-linux-x86_64-fedora-clang, r-devel-linux-x86_64-fedora-gcc, r-devel-windows-x86_64, r-patched-linux-x86_64, r-release-linux-x86_64, r-release-macos-arm64, r-release-macos-x86_64, r-release-windows-x86_64, r-oldrel-macos-arm64, r-oldrel-macos-x86_64, r-oldrel-windows-ix86+x86_64

Version: 0.1-1
Check: installed package size
Result: NOTE
     installed size is 19.8Mb
     sub-directories of 1Mb or more:
     libs 19.0Mb
Flavors: r-devel-linux-x86_64-fedora-clang, r-devel-windows-x86_64, r-release-macos-arm64, r-release-macos-x86_64, r-release-windows-x86_64, r-oldrel-macos-arm64, r-oldrel-macos-x86_64, r-oldrel-windows-ix86+x86_64

Version: 0.1-1
Check: dependencies in R code
Result: NOTE
    Namespaces in Imports field not imported from:
     ‘RcppParallel’ ‘rstantools’
     All declared Imports should be used.
Flavors: r-devel-linux-x86_64-fedora-clang, r-devel-linux-x86_64-fedora-gcc, r-release-macos-arm64, r-release-macos-x86_64, r-oldrel-macos-arm64, r-oldrel-macos-x86_64