CRAN Package Check Results for Package networksis

Last updated on 2021-03-01 07:48:35 CET.

Flavor Version Tinstall Tcheck Ttotal Status Flags
r-devel-linux-x86_64-debian-clang 2.1-3 NOTE
r-devel-linux-x86_64-debian-gcc 2.1-3 3.06 26.36 29.42 NOTE
r-devel-linux-x86_64-fedora-clang 2.1-3 55.37 NOTE
r-devel-linux-x86_64-fedora-gcc 2.1-3 44.60 NOTE
r-devel-windows-ix86+x86_64 2.1-3 8.00 45.00 53.00 NOTE
r-patched-linux-x86_64 2.1-3 4.00 32.42 36.42 NOTE
r-patched-solaris-x86 2.1-3 63.80 NOTE
r-release-linux-x86_64 2.1-3 3.67 32.47 36.14 NOTE
r-release-macos-x86_64 2.1-3 NOTE
r-release-windows-ix86+x86_64 2.1-3 18.00 64.00 82.00 NOTE
r-oldrel-macos-x86_64 2.1-3 NOTE
r-oldrel-windows-ix86+x86_64 2.1-3 7.00 58.00 65.00 NOTE

Check Details

Version: 2.1-3
Check: R code for possible problems
Result: NOTE
    simulate.sisnetwork: no visible global function definition for 'var'
    Undefined global functions or variables:
     var
    Consider adding
     importFrom("stats", "var")
    to your NAMESPACE file.
Flavors: r-devel-linux-x86_64-debian-clang, r-devel-linux-x86_64-debian-gcc, r-devel-linux-x86_64-fedora-clang, r-devel-linux-x86_64-fedora-gcc, r-devel-windows-ix86+x86_64, r-patched-linux-x86_64, r-patched-solaris-x86, r-release-linux-x86_64, r-release-macos-x86_64, r-release-windows-ix86+x86_64, r-oldrel-macos-x86_64, r-oldrel-windows-ix86+x86_64

Version: 2.1-3
Check: compiled code
Result: NOTE
    File ‘networksis/libs/networksis.so’:
     Found no calls to: ‘R_registerRoutines’, ‘R_useDynamicSymbols’
    
    It is good practice to register native routines and to disable symbol
    search.
    
    See ‘Writing portable packages’ in the ‘Writing R Extensions’ manual.
Flavors: r-devel-linux-x86_64-fedora-clang, r-devel-linux-x86_64-fedora-gcc