Last updated on 2021-01-21 04:47:48 CET.
Flavor | Version | Tinstall | Tcheck | Ttotal | Status | Flags |
---|---|---|---|---|---|---|
r-devel-linux-x86_64-debian-clang | 1.0.0 | 9.42 | 70.80 | 80.22 | OK | |
r-devel-linux-x86_64-debian-gcc | 1.0.0 | 8.31 | 55.47 | 63.78 | OK | |
r-devel-linux-x86_64-fedora-clang | 1.0.0 | 104.51 | NOTE | |||
r-devel-linux-x86_64-fedora-gcc | 1.0.0 | 96.91 | NOTE | |||
r-devel-windows-ix86+x86_64 | 1.0.0 | 16.00 | 76.00 | 92.00 | OK | |
r-patched-linux-x86_64 | 1.0.0 | 6.29 | 65.97 | 72.26 | OK | |
r-patched-solaris-x86 | 1.0.0 | 141.00 | NOTE | |||
r-release-linux-x86_64 | 1.0.0 | 6.42 | 66.22 | 72.64 | OK | |
r-release-macos-x86_64 | 1.0.0 | NOTE | ||||
r-release-windows-ix86+x86_64 | 1.0.0 | 22.00 | 92.00 | 114.00 | OK | |
r-oldrel-macos-x86_64 | 1.0.0 | NOTE | ||||
r-oldrel-windows-ix86+x86_64 | 1.0.0 | 13.00 | 66.00 | 79.00 | OK |
Version: 1.0.0
Check: data for non-ASCII characters
Result: NOTE
Note: found 2 marked Latin-1 strings
Flavors: r-devel-linux-x86_64-fedora-clang, r-devel-linux-x86_64-fedora-gcc, r-patched-solaris-x86, r-release-macos-x86_64, r-oldrel-macos-x86_64