CRAN Package Check Results for Package neurocInstall

Last updated on 2022-07-03 12:52:45 CEST.

Flavor Version Tinstall Tcheck Ttotal Status Flags
r-devel-linux-x86_64-debian-clang 0.12.0 5.49 59.69 65.18 NOTE
r-devel-linux-x86_64-debian-gcc 0.12.0 5.39 44.27 49.66 NOTE
r-devel-linux-x86_64-fedora-clang 0.12.0 90.97 NOTE
r-devel-linux-x86_64-fedora-gcc 0.12.0 91.85 NOTE
r-devel-windows-x86_64 0.12.0 38.00 87.00 125.00 NOTE
r-patched-linux-x86_64 0.12.0 5.42 58.05 63.47 NOTE
r-release-linux-x86_64 0.12.0 6.82 56.71 63.53 NOTE
r-release-macos-arm64 0.12.0 28.00 NOTE
r-release-macos-x86_64 0.12.0 45.00 NOTE
r-release-windows-x86_64 0.12.0 31.00 87.00 118.00 NOTE
r-oldrel-macos-arm64 0.12.0 36.00 NOTE
r-oldrel-macos-x86_64 0.12.0 1803.00 NOTE
r-oldrel-windows-ix86+x86_64 0.12.0 16.00 81.00 97.00 NOTE

Check Details

Version: 0.12.0
Check: LazyData
Result: NOTE
     'LazyData' is specified without a 'data' directory
Flavors: r-devel-linux-x86_64-debian-clang, r-devel-linux-x86_64-debian-gcc, r-devel-linux-x86_64-fedora-clang, r-devel-linux-x86_64-fedora-gcc, r-devel-windows-x86_64, r-patched-linux-x86_64, r-release-linux-x86_64, r-release-macos-arm64, r-release-macos-x86_64, r-release-windows-x86_64, r-oldrel-macos-arm64, r-oldrel-macos-x86_64, r-oldrel-windows-ix86+x86_64