CRAN Package Check Results for Package neuronorm

Last updated on 2021-10-25 02:51:03 CEST.

Flavor Version Tinstall Tcheck Ttotal Status Flags
r-devel-linux-x86_64-debian-clang 1.0.0 2.20 24.17 26.37 NOTE
r-devel-linux-x86_64-debian-gcc 1.0.0 1.61 19.23 20.84 NOTE
r-devel-linux-x86_64-fedora-clang 1.0.0 44.97 NOTE
r-devel-linux-x86_64-fedora-gcc 1.0.0 32.69 NOTE
r-patched-linux-x86_64 1.0.0 2.37 23.73 26.10 NOTE
r-patched-solaris-x86 1.0.0 51.30 NOTE
r-release-linux-x86_64 1.0.0 2.00 23.38 25.38 NOTE
r-release-macos-arm64 1.0.0 NOTE
r-release-macos-x86_64 1.0.0 NOTE
r-oldrel-macos-x86_64 1.0.0 NOTE

Check Details

Version: 1.0.0
Check: package dependencies
Result: NOTE
    Packages suggested but not available for checking:
     'ANTsR', 'ANTsRCore', 'ITKR', 'extrantsr', 'MNITemplate', 'RAVEL',
     'neurodata'
Flavors: r-devel-linux-x86_64-debian-clang, r-devel-linux-x86_64-debian-gcc, r-devel-linux-x86_64-fedora-clang, r-devel-linux-x86_64-fedora-gcc, r-patched-linux-x86_64, r-patched-solaris-x86, r-release-linux-x86_64, r-release-macos-arm64, r-release-macos-x86_64, r-oldrel-macos-x86_64

Version: 1.0.0
Check: dependencies in R code
Result: NOTE
    Namespace in Imports field not imported from: ‘knitr’
     All declared Imports should be used.
Flavors: r-devel-linux-x86_64-fedora-clang, r-devel-linux-x86_64-fedora-gcc, r-patched-solaris-x86, r-release-macos-arm64, r-release-macos-x86_64, r-oldrel-macos-x86_64