CRAN Package Check Results for Package newsanchor

Last updated on 2023-02-02 15:54:38 CET.

Flavor Version Tinstall Tcheck Ttotal Status Flags
r-devel-linux-x86_64-debian-clang 0.1.1 6.52 51.37 57.89 OK
r-devel-linux-x86_64-debian-gcc 0.1.1 3.18 38.80 41.98 OK
r-devel-linux-x86_64-fedora-clang 0.1.1 78.92 NOTE
r-devel-linux-x86_64-fedora-gcc 0.1.1 86.10 NOTE
r-devel-windows-x86_64 0.1.1 25.00 89.00 114.00 OK
r-patched-linux-x86_64 0.1.1 6.48 50.14 56.62 OK
r-release-linux-x86_64 0.1.1 5.07 55.58 60.65 OK
r-release-macos-arm64 0.1.1 25.00 NOTE
r-release-macos-x86_64 0.1.1 49.00 NOTE
r-release-windows-x86_64 0.1.1 24.00 96.00 120.00 OK
r-oldrel-macos-arm64 0.1.1 33.00 NOTE
r-oldrel-macos-x86_64 0.1.1 46.00 NOTE
r-oldrel-windows-ix86+x86_64 0.1.1 15.00 77.00 92.00 OK

Check Details

Version: 0.1.1
Check: dependencies in R code
Result: NOTE
    Namespaces in Imports field not imported from:
     ‘devtools’ ‘xml2’
     All declared Imports should be used.
Flavors: r-devel-linux-x86_64-fedora-clang, r-devel-linux-x86_64-fedora-gcc, r-release-macos-arm64, r-release-macos-x86_64, r-oldrel-macos-arm64, r-oldrel-macos-x86_64

Version: 0.1.1
Check: data for non-ASCII characters
Result: NOTE
     Note: found 318 marked UTF-8 strings
Flavors: r-devel-linux-x86_64-fedora-clang, r-devel-linux-x86_64-fedora-gcc, r-release-macos-arm64, r-release-macos-x86_64, r-oldrel-macos-arm64, r-oldrel-macos-x86_64