CRAN Package Check Results for Package nflreadr

Last updated on 2021-10-23 01:49:07 CEST.

Flavor Version Tinstall Tcheck Ttotal Status Flags
r-devel-linux-x86_64-debian-clang 1.1.1 4.13 41.69 45.82 OK
r-devel-linux-x86_64-debian-gcc 1.1.1 3.06 33.52 36.58 OK
r-devel-linux-x86_64-fedora-clang 1.1.1 66.15 NOTE
r-devel-linux-x86_64-fedora-gcc 1.1.1 55.61 NOTE
r-devel-windows-x86_64 1.1.1 7.00 93.00 100.00 OK
r-devel-windows-x86_64-gcc10-UCRT 1.1.1 NOTE
r-patched-linux-x86_64 1.1.1 4.52 48.03 52.55 OK
r-patched-solaris-x86 1.1.1 86.00 NOTE
r-release-linux-x86_64 1.1.1 3.90 47.74 51.64 OK
r-release-macos-arm64 1.1.1 NOTE
r-release-macos-x86_64 1.1.1 NOTE
r-release-windows-ix86+x86_64 1.1.1 8.00 78.00 86.00 OK
r-oldrel-macos-x86_64 1.1.1 NOTE
r-oldrel-windows-ix86+x86_64 1.1.1 5.00 59.00 64.00 OK

Check Details

Version: 1.1.1
Check: dependencies in R code
Result: NOTE
    Namespaces in Imports field not imported from:
     ‘curl’ ‘qs’
     All declared Imports should be used.
Flavors: r-devel-linux-x86_64-fedora-clang, r-devel-linux-x86_64-fedora-gcc, r-devel-windows-x86_64-gcc10-UCRT, r-patched-solaris-x86, r-release-macos-arm64, r-release-macos-x86_64, r-oldrel-macos-x86_64

Version: 1.1.1
Check: Rd cross-references
Result: NOTE
    Undeclared package ‘yaml’ in Rd xrefs
Flavor: r-devel-linux-x86_64-fedora-clang