CRAN Package Check Results for Package ngramrr

Last updated on 2021-10-21 21:51:51 CEST.

Flavor Version Tinstall Tcheck Ttotal Status Flags
r-devel-linux-x86_64-debian-clang 0.2.0 2.48 29.16 31.64 NOTE
r-devel-linux-x86_64-debian-gcc 0.2.0 2.02 23.49 25.51 NOTE
r-devel-linux-x86_64-fedora-clang 0.2.0 49.94 NOTE
r-devel-linux-x86_64-fedora-gcc 0.2.0 38.96 NOTE
r-devel-windows-x86_64 0.2.0 7.00 53.00 60.00 NOTE
r-devel-windows-x86_64-gcc10-UCRT 0.2.0 NOTE
r-patched-linux-x86_64 0.2.0 2.77 28.71 31.48 NOTE
r-patched-solaris-x86 0.2.0 63.40 NOTE
r-release-linux-x86_64 0.2.0 2.52 28.68 31.20 NOTE
r-release-macos-arm64 0.2.0 NOTE
r-release-macos-x86_64 0.2.0 NOTE
r-release-windows-ix86+x86_64 0.2.0 6.00 52.00 58.00 NOTE
r-oldrel-macos-x86_64 0.2.0 OK
r-oldrel-windows-ix86+x86_64 0.2.0 8.00 53.00 61.00 OK

Check Details

Version: 0.2.0
Check: LazyData
Result: NOTE
     'LazyData' is specified without a 'data' directory
Flavors: r-devel-linux-x86_64-debian-clang, r-devel-linux-x86_64-debian-gcc, r-devel-linux-x86_64-fedora-clang, r-devel-linux-x86_64-fedora-gcc, r-devel-windows-x86_64, r-devel-windows-x86_64-gcc10-UCRT, r-patched-linux-x86_64, r-patched-solaris-x86, r-release-linux-x86_64, r-release-macos-arm64, r-release-macos-x86_64, r-release-windows-ix86+x86_64