CRAN Package Check Results for Package nhdplusTools

Last updated on 2019-11-12 03:49:08 CET.

Flavor Version Tinstall Tcheck Ttotal Status Flags
r-devel-linux-x86_64-debian-clang 0.3.11 8.32 67.54 75.86 OK
r-devel-linux-x86_64-debian-gcc 0.3.11 6.13 51.61 57.74 OK
r-devel-linux-x86_64-fedora-clang 0.3.11 90.47 NOTE
r-devel-linux-x86_64-fedora-gcc 0.3.11 89.19 OK
r-devel-windows-ix86+x86_64 0.3.11 16.00 86.00 102.00 NOTE
r-patched-linux-x86_64 0.3.11 7.34 63.83 71.17 OK
r-patched-solaris-x86 0.3.11 136.90 NOTE
r-release-linux-x86_64 0.3.11 7.27 63.91 71.18 OK
r-release-windows-ix86+x86_64 0.3.10 20.00 124.00 144.00 NOTE
r-release-osx-x86_64 0.3.11 NOTE
r-oldrel-windows-ix86+x86_64 0.3.11 9.00 130.00 139.00 NOTE
r-oldrel-osx-x86_64 0.3.11 NOTE

Check Details

Version: 0.3.11
Check: installed package size
Result: NOTE
     installed size is 6.7Mb
     sub-directories of 1Mb or more:
     extdata 5.5Mb
Flavors: r-devel-linux-x86_64-fedora-clang, r-devel-windows-ix86+x86_64, r-patched-solaris-x86, r-release-osx-x86_64, r-oldrel-windows-ix86+x86_64, r-oldrel-osx-x86_64

Version: 0.3.10
Check: installed package size
Result: NOTE
     installed size is 5.9Mb
     sub-directories of 1Mb or more:
     extdata 5.5Mb
Flavor: r-release-windows-ix86+x86_64