CRAN Package Check Results for Package nhdplusTools

Last updated on 2020-06-01 03:52:00 CEST.

Flavor Version Tinstall Tcheck Ttotal Status Flags
r-devel-linux-x86_64-debian-clang 0.3.13 9.05 127.42 136.47 OK
r-devel-linux-x86_64-debian-gcc 0.3.13 7.59 109.38 116.97 OK
r-devel-linux-x86_64-fedora-clang 0.3.13 185.65 NOTE
r-devel-linux-x86_64-fedora-gcc 0.3.13 178.01 OK
r-devel-windows-ix86+x86_64 0.3.13 26.00 198.00 224.00 NOTE
r-patched-linux-x86_64 0.3.13 8.15 123.74 131.89 OK
r-patched-solaris-x86 0.3.13 220.30 NOTE
r-release-linux-x86_64 0.3.13 8.45 142.86 151.31 OK
r-release-osx-x86_64 0.3.13 NOTE
r-release-windows-ix86+x86_64 0.3.13 21.00 247.00 268.00 NOTE
r-oldrel-osx-x86_64 0.3.13 NOTE
r-oldrel-windows-ix86+x86_64 0.3.13 19.00 150.00 169.00 NOTE

Check Details

Version: 0.3.13
Check: installed package size
Result: NOTE
     installed size is 6.1Mb
     sub-directories of 1Mb or more:
     extdata 5.5Mb
Flavors: r-devel-linux-x86_64-fedora-clang, r-devel-windows-ix86+x86_64, r-patched-solaris-x86, r-release-osx-x86_64, r-release-windows-ix86+x86_64, r-oldrel-osx-x86_64, r-oldrel-windows-ix86+x86_64