CRAN Package Check Results for Package nhds

Last updated on 2019-08-24 06:47:24 CEST.

Flavor Version Tinstall Tcheck Ttotal Status Flags
r-devel-linux-x86_64-debian-clang 1.0.3 12.79 34.55 47.34 OK
r-devel-linux-x86_64-debian-gcc 1.0.3 12.23 29.33 41.56 OK
r-devel-linux-x86_64-fedora-clang 1.0.3 66.46 NOTE
r-devel-linux-x86_64-fedora-gcc 1.0.3 63.40 OK
r-devel-windows-ix86+x86_64 1.0.3 21.00 50.00 71.00 NOTE
r-patched-linux-x86_64 1.0.3 13.17 34.92 48.09 OK
r-patched-solaris-x86 1.0.3 106.80 NOTE
r-release-linux-x86_64 1.0.3 12.23 34.55 46.78 OK
r-release-windows-ix86+x86_64 1.0.3 16.00 66.00 82.00 NOTE
r-release-osx-x86_64 1.0.3 NOTE
r-oldrel-windows-ix86+x86_64 1.0.3 23.00 64.00 87.00 NOTE
r-oldrel-osx-x86_64 1.0.3 NOTE

Check Details

Version: 1.0.3
Check: installed package size
Result: NOTE
     installed size is 6.2Mb
     sub-directories of 1Mb or more:
     data 5.9Mb
Flavors: r-devel-linux-x86_64-fedora-clang, r-devel-windows-ix86+x86_64, r-patched-solaris-x86, r-release-windows-ix86+x86_64, r-release-osx-x86_64, r-oldrel-windows-ix86+x86_64, r-oldrel-osx-x86_64