CRAN Package Check Results for Package nhds

Last updated on 2019-06-18 01:48:45 CEST.

Flavor Version Tinstall Tcheck Ttotal Status Flags
r-devel-linux-x86_64-debian-clang 1.0.3 12.26 34.27 46.53 OK
r-devel-linux-x86_64-debian-gcc 1.0.3 12.48 29.39 41.87 OK
r-devel-linux-x86_64-fedora-clang 1.0.3 64.01 NOTE
r-devel-linux-x86_64-fedora-gcc 1.0.3 61.43 OK
r-devel-windows-ix86+x86_64 1.0.3 26.00 66.00 92.00 NOTE
r-patched-linux-x86_64 1.0.3 12.28 33.91 46.19 OK
r-patched-solaris-x86 1.0.3 104.20 NOTE
r-release-linux-x86_64 1.0.3 12.80 34.64 47.44 OK
r-release-windows-ix86+x86_64 1.0.3 20.00 68.00 88.00 NOTE
r-release-osx-x86_64 1.0.3 NOTE
r-oldrel-windows-ix86+x86_64 1.0.3 17.00 64.00 81.00 NOTE
r-oldrel-osx-x86_64 1.0.3 NOTE

Check Details

Version: 1.0.3
Check: installed package size
Result: NOTE
     installed size is 6.2Mb
     sub-directories of 1Mb or more:
     data 5.9Mb
Flavors: r-devel-linux-x86_64-fedora-clang, r-devel-windows-ix86+x86_64, r-patched-solaris-x86, r-release-windows-ix86+x86_64, r-release-osx-x86_64, r-oldrel-windows-ix86+x86_64, r-oldrel-osx-x86_64