CRAN Package Check Results for Package nhlscrape

Last updated on 2022-12-03 02:50:56 CET.

Flavor Version Tinstall Tcheck Ttotal Status Flags
r-devel-linux-x86_64-debian-clang 0.1.3 2.32 31.80 34.12 NOTE
r-devel-linux-x86_64-debian-gcc 0.1.3 1.69 24.65 26.34 NOTE
r-devel-linux-x86_64-fedora-clang 0.1.3 55.71 NOTE
r-devel-linux-x86_64-fedora-gcc 0.1.3 52.08 NOTE
r-devel-windows-x86_64 0.1.3 16.00 64.00 80.00 NOTE
r-patched-linux-x86_64 0.1.3 2.64 30.41 33.05 NOTE
r-release-linux-x86_64 0.1.3 2.05 30.23 32.28 NOTE
r-release-macos-arm64 0.1.3 18.00 NOTE
r-release-macos-x86_64 0.1.3 26.00 NOTE
r-release-windows-x86_64 0.1.3 21.00 64.00 85.00 NOTE
r-oldrel-macos-arm64 0.1.3 20.00 NOTE
r-oldrel-macos-x86_64 0.1.3 28.00 NOTE
r-oldrel-windows-ix86+x86_64 0.1.3 6.00 57.00 63.00 NOTE

Check Details

Version: 0.1.3
Check: LazyData
Result: NOTE
     'LazyData' is specified without a 'data' directory
Flavors: r-devel-linux-x86_64-debian-clang, r-devel-linux-x86_64-debian-gcc, r-devel-linux-x86_64-fedora-clang, r-devel-linux-x86_64-fedora-gcc, r-devel-windows-x86_64, r-patched-linux-x86_64, r-release-linux-x86_64, r-release-macos-arm64, r-release-macos-x86_64, r-release-windows-x86_64, r-oldrel-macos-arm64, r-oldrel-macos-x86_64, r-oldrel-windows-ix86+x86_64