CRAN Package Check Results for Package nhlscrape

Last updated on 2020-05-31 08:49:55 CEST.

Flavor Version Tinstall Tcheck Ttotal Status Flags
r-devel-linux-x86_64-debian-clang 0.1.3 2.67 26.70 29.37 OK
r-devel-linux-x86_64-debian-gcc 0.1.3 2.09 19.07 21.16 ERROR
r-devel-linux-x86_64-fedora-clang 0.1.3 35.69 OK
r-devel-linux-x86_64-fedora-gcc 0.1.3 34.99 OK
r-devel-windows-ix86+x86_64 0.1.3 8.00 55.00 63.00 OK
r-patched-linux-x86_64 0.1.3 2.82 26.60 29.42 OK
r-patched-solaris-x86 0.1.3 54.20 OK
r-release-linux-x86_64 0.1.3 2.47 26.90 29.37 OK
r-release-osx-x86_64 0.1.3 OK
r-release-windows-ix86+x86_64 0.1.3 7.00 61.00 68.00 OK
r-oldrel-osx-x86_64 0.1.3 OK
r-oldrel-windows-ix86+x86_64 0.1.3 6.00 40.00 46.00 OK

Check Details

Version: 0.1.3
Check: examples
Result: ERROR
    Running examples in ‘nhlscrape-Ex.R’ failed
    The error most likely occurred in:
    
    > base::assign(".ptime", proc.time(), pos = "CheckExEnv")
    > ### Name: AddAllTeamsDb
    > ### Title: Add team metadata to the database
    > ### Aliases: AddAllTeamsDb
    >
    > ### ** Examples
    >
    > SetDbPath(example = TRUE)
    > AddAllTeamsDb()
    Error in curl::curl_fetch_memory(url, handle = handle) :
     server certificate verification failed. CAfile: none CRLfile: none
    Calls: AddAllTeamsDb ... request_fetch -> request_fetch.write_memory -> <Anonymous>
    Execution halted
Flavor: r-devel-linux-x86_64-debian-gcc