CRAN Package Check Results for Package nhstplot

Last updated on 2022-10-02 15:54:31 CEST.

Flavor Version Tinstall Tcheck Ttotal Status Flags
r-devel-linux-x86_64-debian-clang 1.1.0 2.18 74.96 77.14 NOTE
r-devel-linux-x86_64-debian-gcc 1.1.0 2.25 54.45 56.70 NOTE
r-devel-linux-x86_64-fedora-clang 1.1.0 103.33 NOTE
r-devel-linux-x86_64-fedora-gcc 1.1.0 102.84 NOTE
r-devel-windows-x86_64 1.1.0 10.00 134.00 144.00 NOTE
r-patched-linux-x86_64 1.1.0 3.44 68.05 71.49 NOTE
r-release-linux-x86_64 1.1.0 1.99 69.52 71.51 NOTE
r-release-macos-arm64 1.1.0 41.00 NOTE
r-release-macos-x86_64 1.1.0 78.00 NOTE
r-release-windows-x86_64 1.1.0 14.00 112.00 126.00 NOTE
r-oldrel-macos-arm64 1.1.0 75.00 NOTE
r-oldrel-macos-x86_64 1.1.0 73.00 NOTE
r-oldrel-windows-ix86+x86_64 1.1.0 7.00 95.00 102.00 NOTE

Check Details

Version: 1.1.0
Check: LazyData
Result: NOTE
     'LazyData' is specified without a 'data' directory
Flavors: r-devel-linux-x86_64-debian-clang, r-devel-linux-x86_64-debian-gcc, r-devel-linux-x86_64-fedora-clang, r-devel-linux-x86_64-fedora-gcc, r-devel-windows-x86_64, r-patched-linux-x86_64, r-release-linux-x86_64, r-release-macos-arm64, r-release-macos-x86_64, r-release-windows-x86_64, r-oldrel-macos-arm64, r-oldrel-macos-x86_64, r-oldrel-windows-ix86+x86_64