CRAN Package Check Results for Package nhstplot

Last updated on 2021-09-27 09:49:48 CEST.

Flavor Version Tinstall Tcheck Ttotal Status Flags
r-devel-linux-x86_64-debian-clang 1.1.0 3.37 67.44 70.81 NOTE
r-devel-linux-x86_64-debian-gcc 1.1.0 2.44 50.51 52.95 NOTE
r-devel-linux-x86_64-fedora-clang 1.1.0 88.93 NOTE
r-devel-linux-x86_64-fedora-gcc 1.1.0 79.15 NOTE
r-devel-windows-x86_64 1.1.0 4.00 118.00 122.00 NOTE
r-devel-windows-x86_64-gcc10-UCRT 1.1.0 NOTE
r-patched-linux-x86_64 1.1.0 3.13 62.41 65.54 NOTE
r-patched-solaris-x86 1.1.0 116.40 NOTE
r-release-linux-x86_64 1.1.0 3.23 62.12 65.35 NOTE
r-release-macos-arm64 1.1.0 NOTE
r-release-macos-x86_64 1.1.0 NOTE
r-release-windows-ix86+x86_64 1.1.0 6.00 116.00 122.00 NOTE
r-oldrel-macos-x86_64 1.1.0 OK
r-oldrel-windows-ix86+x86_64 1.1.0 5.00 114.00 119.00 OK

Check Details

Version: 1.1.0
Check: LazyData
Result: NOTE
     'LazyData' is specified without a 'data' directory
Flavors: r-devel-linux-x86_64-debian-clang, r-devel-linux-x86_64-debian-gcc, r-devel-linux-x86_64-fedora-clang, r-devel-linux-x86_64-fedora-gcc, r-devel-windows-x86_64, r-devel-windows-x86_64-gcc10-UCRT, r-patched-linux-x86_64, r-patched-solaris-x86, r-release-linux-x86_64, r-release-macos-arm64, r-release-macos-x86_64, r-release-windows-ix86+x86_64