CRAN Package Check Results for Package nice

Last updated on 2022-08-10 21:53:47 CEST.

Flavor Version Tinstall Tcheck Ttotal Status Flags
r-devel-linux-x86_64-debian-clang 0.4-1 2.53 20.05 22.58 OK
r-devel-linux-x86_64-debian-gcc 0.4-1 1.70 16.02 17.72 OK
r-devel-linux-x86_64-fedora-clang 0.4-1 39.27 NOTE
r-devel-linux-x86_64-fedora-gcc 0.4-1 37.75 NOTE
r-patched-linux-x86_64 0.4-1 2.44 19.66 22.10 OK
r-release-linux-x86_64 0.4-1 OK
r-release-macos-arm64 0.4-1 18.00 OK
r-release-macos-x86_64 0.4-1 19.00 OK
r-oldrel-macos-arm64 0.4-1 18.00 OK
r-oldrel-macos-x86_64 0.4-1 25.00 OK

Check Details

Version: 0.4-1
Check: compiled code
Result: NOTE
    File ‘nice/libs/nice.so’:
     Found no calls to: ‘R_registerRoutines’, ‘R_useDynamicSymbols’
    
    It is good practice to register native routines and to disable symbol
    search.
    
    See ‘Writing portable packages’ in the ‘Writing R Extensions’ manual.
Flavors: r-devel-linux-x86_64-fedora-clang, r-devel-linux-x86_64-fedora-gcc