CRAN Package Check Results for Package nimble

Last updated on 2019-06-18 20:47:23 CEST.

Flavor Version Tinstall Tcheck Ttotal Status Flags
r-devel-linux-x86_64-debian-clang 0.8.0 216.68 191.35 408.03 OK
r-devel-linux-x86_64-debian-gcc 0.8.0 179.45 151.40 330.85 OK
r-devel-linux-x86_64-fedora-clang 0.8.0 545.73 NOTE
r-devel-linux-x86_64-fedora-gcc 0.8.0 503.86 OK
r-devel-windows-ix86+x86_64 0.8.0 423.00 251.00 674.00 NOTE
r-patched-linux-x86_64 0.8.0 198.51 198.40 396.91 OK
r-patched-solaris-x86 0.8.0 857.60 NOTE
r-release-linux-x86_64 0.8.0 205.94 198.34 404.28 OK
r-release-windows-ix86+x86_64 0.8.0 422.00 274.00 696.00 NOTE
r-release-osx-x86_64 0.8.0 NOTE
r-oldrel-windows-ix86+x86_64 0.8.0 321.00 235.00 556.00 NOTE
r-oldrel-osx-x86_64 0.8.0 NOTE

Check Details

Version: 0.8.0
Check: installed package size
Result: NOTE
     installed size is 33.3Mb
     sub-directories of 1Mb or more:
     CppCode 1.1Mb
     R 5.9Mb
     classic-bugs 1.6Mb
     include 5.7Mb
     libs 16.9Mb
     tests 1.5Mb
Flavors: r-devel-linux-x86_64-fedora-clang, r-devel-windows-ix86+x86_64, r-patched-solaris-x86, r-release-windows-ix86+x86_64, r-release-osx-x86_64, r-oldrel-windows-ix86+x86_64, r-oldrel-osx-x86_64

Version: 0.8.0
Check: whether package can be installed
Result: NOTE
    Found the following notes/warnings:
     Non-staged installation was used
Flavor: r-release-windows-ix86+x86_64