CRAN Package Check Results for Package nimble

Last updated on 2022-11-28 08:51:57 CET.

Flavor Version Tinstall Tcheck Ttotal Status Flags
r-devel-linux-x86_64-debian-clang 0.13.0 261.06 263.70 524.76 OK
r-devel-linux-x86_64-debian-gcc 0.13.0 214.98 201.10 416.08 OK
r-devel-linux-x86_64-fedora-clang 0.13.0 721.40 NOTE
r-devel-linux-x86_64-fedora-gcc 0.13.0 667.25 OK
r-devel-windows-x86_64 0.13.0 756.00 308.00 1064.00 NOTE
r-patched-linux-x86_64 0.13.0 230.77 248.80 479.57 OK
r-release-linux-x86_64 0.13.0 223.25 255.46 478.71 OK
r-release-macos-arm64 0.13.0 182.00 NOTE
r-release-macos-x86_64 0.13.0 202.00 NOTE
r-release-windows-x86_64 0.12.2 1020.00 287.00 1307.00 NOTE
r-oldrel-macos-arm64 0.13.0 192.00 NOTE
r-oldrel-macos-x86_64 0.13.0 201.00 NOTE
r-oldrel-windows-ix86+x86_64 0.13.0 490.00 310.00 800.00 NOTE

Check Details

Version: 0.13.0
Check: installed package size
Result: NOTE
     installed size is 16.1Mb
     sub-directories of 1Mb or more:
     CppCode 1.2Mb
     R 6.3Mb
     classic-bugs 1.6Mb
     include 5.9Mb
Flavors: r-devel-linux-x86_64-fedora-clang, r-devel-windows-x86_64, r-release-macos-arm64, r-release-macos-x86_64, r-oldrel-macos-arm64, r-oldrel-macos-x86_64, r-oldrel-windows-ix86+x86_64

Version: 0.12.2
Check: installed package size
Result: NOTE
     installed size is 16.4Mb
     sub-directories of 1Mb or more:
     CppCode 1.7Mb
     R 6.2Mb
     include 5.8Mb
     libs 1.2Mb
Flavor: r-release-windows-x86_64