CRAN Package Check Results for Package nimble

Last updated on 2019-03-26 21:48:47 CET.

Flavor Version Tinstall Tcheck Ttotal Status Flags
r-devel-linux-x86_64-debian-clang 0.7.1 208.15 195.92 404.07 OK
r-devel-linux-x86_64-debian-gcc 0.7.1 177.66 151.58 329.24 OK
r-devel-linux-x86_64-fedora-clang 0.7.1 548.21 NOTE
r-devel-linux-x86_64-fedora-gcc 0.7.1 499.00 OK
r-devel-windows-ix86+x86_64 0.7.1 417.00 191.00 608.00 NOTE
r-patched-linux-x86_64 0.7.1 217.47 188.85 406.32 OK
r-patched-solaris-x86 0.7.1 568.40 NOTE
r-release-linux-x86_64 0.7.1 213.40 188.60 402.00 OK
r-release-windows-ix86+x86_64 0.7.1 458.00 198.00 656.00 NOTE
r-release-osx-x86_64 0.7.1 NOTE
r-oldrel-windows-ix86+x86_64 0.7.1 283.00 273.00 556.00 NOTE
r-oldrel-osx-x86_64 0.7.1 NOTE

Check Details

Version: 0.7.1
Check: installed package size
Result: NOTE
     installed size is 33.2Mb
     sub-directories of 1Mb or more:
     CppCode 1.1Mb
     R 5.7Mb
     classic-bugs 1.6Mb
     include 5.8Mb
     libs 16.8Mb
     tests 1.5Mb
Flavors: r-devel-linux-x86_64-fedora-clang, r-devel-windows-ix86+x86_64, r-patched-solaris-x86, r-release-windows-ix86+x86_64, r-release-osx-x86_64, r-oldrel-windows-ix86+x86_64, r-oldrel-osx-x86_64

Version: 0.7.1
Check: whether package can be installed
Result: NOTE
    Found the following notes/warnings:
     Non-staged installation was used
Flavor: r-devel-windows-ix86+x86_64