CRAN Package Check Results for Package nimbleSCR

Last updated on 2021-10-21 16:49:51 CEST.

Flavor Version Tinstall Tcheck Ttotal Status Flags
r-devel-linux-x86_64-debian-clang 0.1.2 9.60 482.16 491.76 OK
r-devel-linux-x86_64-debian-gcc 0.1.2 6.82 367.88 374.70 OK
r-devel-linux-x86_64-fedora-clang 0.1.2 601.75 OK
r-devel-linux-x86_64-fedora-gcc 0.1.2 601.15 OK
r-devel-windows-x86_64 0.1.2 13.00 706.00 719.00 OK
r-devel-windows-x86_64-gcc10-UCRT 0.1.2 ERROR
r-patched-linux-x86_64 0.1.2 8.43 479.78 488.21 OK
r-patched-solaris-x86 0.1.2 146.50 OK
r-release-linux-x86_64 0.1.2 6.96 486.15 493.11 OK
r-release-macos-arm64 0.1.2 OK
r-release-macos-x86_64 0.1.2 OK
r-release-windows-ix86+x86_64 0.1.2 16.00 676.00 692.00 OK
r-oldrel-macos-x86_64 0.1.2 OK
r-oldrel-windows-ix86+x86_64 0.1.2 27.00 705.00 732.00 OK

Check Details

Version: 0.1.2
Check: package dependencies
Result: ERROR
    Package required but not available: 'nimble'
    
    See section 'The DESCRIPTION file' in the 'Writing R Extensions'
    manual.
Flavor: r-devel-windows-x86_64-gcc10-UCRT