CRAN Package Check Results for Package nipnTK

Last updated on 2022-01-16 22:51:20 CET.

Flavor Version Tinstall Tcheck Ttotal Status Flags
r-devel-linux-x86_64-debian-clang 0.1.0 3.83 226.93 230.76 OK
r-devel-linux-x86_64-debian-gcc 0.1.0 3.22 178.51 181.73 OK
r-devel-linux-x86_64-fedora-clang 0.1.0 270.29 OK
r-devel-linux-x86_64-fedora-gcc 0.1.0 246.95 OK
r-devel-windows-x86_64-new-UL 0.1.0 51.00 261.00 312.00 OK
r-devel-windows-x86_64-new-TK 0.1.0 ERROR
r-patched-linux-x86_64 0.1.0 4.22 222.06 226.28 OK
r-release-linux-x86_64 0.1.0 OK
r-release-macos-arm64 0.1.0 OK
r-release-macos-x86_64 0.1.0 OK
r-release-windows-ix86+x86_64 0.1.0 10.00 268.00 278.00 OK
r-oldrel-macos-x86_64 0.1.0 OK
r-oldrel-windows-ix86+x86_64 0.1.0 9.00 278.00 287.00 OK

Check Details

Version: 0.1.0
Check: package dependencies
Result: ERROR
    Package required but not available: 'bbw'
    
    See section 'The DESCRIPTION file' in the 'Writing R Extensions'
    manual.
Flavor: r-devel-windows-x86_64-new-TK