Last updated on 2023-12-10 10:52:37 CET.
Flavor | Version | Tinstall | Tcheck | Ttotal | Status | Flags |
---|---|---|---|---|---|---|
r-devel-linux-x86_64-debian-clang | 0.3.5 | 41.99 | 532.74 | 574.73 | NOTE | |
r-devel-linux-x86_64-debian-gcc | 0.3.5 | 40.50 | 396.78 | 437.28 | NOTE | |
r-devel-linux-x86_64-fedora-clang | 0.3.5 | 668.81 | OK | |||
r-devel-linux-x86_64-fedora-gcc | 0.3.5 | 721.90 | OK | |||
r-devel-windows-x86_64 | 0.3.5 | 45.00 | 381.00 | 426.00 | OK | |
r-patched-linux-x86_64 | 0.3.5 | 52.51 | 511.15 | 563.66 | OK | |
r-release-linux-x86_64 | 0.3.5 | 34.23 | 510.70 | 544.93 | OK | |
r-release-macos-arm64 | 0.3.5 | 190.00 | OK | |||
r-release-macos-x86_64 | 0.3.5 | 436.00 | OK | |||
r-release-windows-x86_64 | 0.3.5 | 55.00 | 484.00 | 539.00 | OK | |
r-oldrel-macos-arm64 | 0.3.5 | 127.00 | OK | |||
r-oldrel-macos-x86_64 | 0.3.5 | 214.00 | OK | |||
r-oldrel-windows-x86_64 | 0.3.5 | 54.00 | 434.00 | 488.00 | OK |
Version: 0.3.5
Check: Rd files
Result: NOTE
checkRd: (-1) mcrPlot.Rd:42-44: Lost braces in \itemize; \value handles \item{}{} directly
checkRd: (-1) mcrPlot.Rd:45-47: Lost braces in \itemize; \value handles \item{}{} directly
Flavors: r-devel-linux-x86_64-debian-clang, r-devel-linux-x86_64-debian-gcc