Last updated on 2023-02-08 06:56:32 CET.
Flavor | Version | Tinstall | Tcheck | Ttotal | Status | Flags |
---|---|---|---|---|---|---|
r-devel-linux-x86_64-debian-clang | 0.3.5 | 50.07 | 480.92 | 530.99 | OK | |
r-devel-linux-x86_64-debian-gcc | 0.3.5 | 38.31 | 352.61 | 390.92 | OK | |
r-devel-linux-x86_64-fedora-clang | 0.3.5 | 657.16 | OK | |||
r-devel-linux-x86_64-fedora-gcc | 0.3.5 | 644.11 | OK | |||
r-devel-windows-x86_64 | 0.3.5 | 57.00 | 460.00 | 517.00 | OK | |
r-patched-linux-x86_64 | 0.3.5 | 51.24 | 440.24 | 491.48 | OK | |
r-release-linux-x86_64 | 0.3.5 | 41.80 | 444.34 | 486.14 | OK | |
r-release-macos-arm64 | 0.3.5 | 127.00 | OK | |||
r-release-macos-x86_64 | 0.3.5 | 214.00 | OK | |||
r-release-windows-x86_64 | 0.3.5 | 57.00 | 494.00 | 551.00 | OK | |
r-oldrel-macos-arm64 | 0.3.5 | 162.00 | OK | |||
r-oldrel-macos-x86_64 | 0.3.5 | 188.00 | NOTE | |||
r-oldrel-windows-ix86+x86_64 | 0.3.5 | 75.00 | 354.00 | 429.00 | OK |
Version: 0.3.5
Check: package dependencies
Result: NOTE
Package suggested but not available for checking: ‘ALL’
Flavor: r-oldrel-macos-x86_64