CRAN Package Check Results for Package nlist

Last updated on 2021-05-18 15:50:47 CEST.

Flavor Version Tinstall Tcheck Ttotal Status Flags
r-devel-linux-x86_64-debian-clang 0.3.1 4.54 51.04 55.58 NOTE
r-devel-linux-x86_64-debian-gcc 0.3.1 3.71 38.90 42.61 NOTE
r-devel-linux-x86_64-fedora-clang 0.3.1 73.65 NOTE
r-devel-linux-x86_64-fedora-gcc 0.3.1 63.43 NOTE
r-devel-windows-ix86+x86_64 0.3.1 10.00 51.00 61.00 NOTE
r-devel-windows-x86_64-gcc10-UCRT 0.3.1 NOTE
r-patched-linux-x86_64 0.3.1 6.07 48.18 54.25 NOTE
r-patched-solaris-x86 0.3.1 87.10 NOTE
r-release-linux-x86_64 0.3.1 4.25 48.16 52.41 OK
r-release-macos-x86_64 0.3.1 OK
r-release-windows-ix86+x86_64 0.3.1 7.00 52.00 59.00 OK
r-oldrel-macos-x86_64 0.3.1 OK
r-oldrel-windows-ix86+x86_64 0.3.1 6.00 67.00 73.00 OK

Check Details

Version: 0.3.1
Check: LazyData
Result: NOTE
     'LazyData' is specified without a 'data' directory
Flavors: r-devel-linux-x86_64-debian-clang, r-devel-linux-x86_64-debian-gcc, r-devel-linux-x86_64-fedora-clang, r-devel-linux-x86_64-fedora-gcc, r-devel-windows-ix86+x86_64, r-devel-windows-x86_64-gcc10-UCRT, r-patched-linux-x86_64, r-patched-solaris-x86