CRAN Package Check Results for Package nlmixr

Last updated on 2021-09-18 06:49:12 CEST.

Flavor Version Tinstall Tcheck Ttotal Status Flags
r-devel-linux-x86_64-debian-clang 2.0.5 386.79 188.09 574.88 OK
r-devel-linux-x86_64-debian-gcc 2.0.5 275.73 136.70 412.43 OK
r-devel-linux-x86_64-fedora-clang 2.0.5 766.99 NOTE
r-devel-linux-x86_64-fedora-gcc 2.0.5 726.43 OK
r-devel-windows-x86_64 2.0.5 382.00 220.00 602.00 OK
r-devel-windows-x86_64-gcc10-UCRT 2.0.5 OK
r-patched-linux-x86_64 2.0.5 321.30 176.60 497.90 OK
r-patched-solaris-x86 2.0.5 644.70 OK
r-release-linux-x86_64 2.0.5 309.77 176.93 486.70 OK
r-release-macos-arm64 2.0.5 ERROR
r-release-macos-x86_64 2.0.5 NOTE
r-release-windows-ix86+x86_64 2.0.5 834.00 194.00 1028.00 NOTE
r-oldrel-macos-x86_64 2.0.5 NOTE
r-oldrel-windows-ix86+x86_64 2.0.5 822.00 190.00 1012.00 NOTE

Check Details

Version: 2.0.5
Check: installed package size
Result: NOTE
     installed size is 19.9Mb
     sub-directories of 1Mb or more:
     R 1.1Mb
     libs 17.8Mb
Flavors: r-devel-linux-x86_64-fedora-clang, r-release-macos-x86_64, r-release-windows-ix86+x86_64, r-oldrel-macos-x86_64, r-oldrel-windows-ix86+x86_64

Version: 2.0.5
Check: package dependencies
Result: ERROR
    Package required but not available: ‘symengine’
    
    See section ‘The DESCRIPTION file’ in the ‘Writing R Extensions’
    manual.
Flavor: r-release-macos-arm64