CRAN Package Check Results for Package nlmixr

Last updated on 2021-12-09 11:51:37 CET.

Flavor Version Tinstall Tcheck Ttotal Status Flags
r-devel-linux-x86_64-debian-clang 2.0.6 345.58 194.43 540.01 OK
r-devel-linux-x86_64-debian-gcc 2.0.6 277.46 143.71 421.17 OK
r-devel-linux-x86_64-fedora-clang 2.0.6 809.87 NOTE
r-devel-linux-x86_64-fedora-gcc 2.0.6 761.44 OK
r-devel-windows-x86_64-new-UL 2.0.6 463.00 246.00 709.00 OK
r-devel-windows-x86_64-new-TK 2.0.6 OK
r-devel-windows-x86_64-old 2.0.6 453.00 158.00 611.00 OK
r-patched-linux-x86_64 2.0.6 324.19 185.29 509.48 OK
r-release-linux-x86_64 2.0.6 322.32 185.24 507.56 OK
r-release-macos-arm64 2.0.6 NOTE
r-release-macos-x86_64 2.0.6 NOTE
r-release-windows-ix86+x86_64 2.0.6 612.00 228.00 840.00 NOTE
r-oldrel-macos-x86_64 2.0.6 NOTE
r-oldrel-windows-ix86+x86_64 2.0.6 861.00 275.00 1136.00 NOTE

Check Details

Version: 2.0.6
Check: installed package size
Result: NOTE
     installed size is 19.9Mb
     sub-directories of 1Mb or more:
     R 1.1Mb
     libs 17.9Mb
Flavors: r-devel-linux-x86_64-fedora-clang, r-release-macos-arm64, r-release-macos-x86_64, r-release-windows-ix86+x86_64, r-oldrel-macos-x86_64, r-oldrel-windows-ix86+x86_64