CRAN Package Check Results for Package nloptr

Last updated on 2022-08-16 02:51:43 CEST.

Flavor Version Tinstall Tcheck Ttotal Status Flags
r-devel-linux-x86_64-debian-clang 2.0.3 28.19 47.53 75.72 OK
r-devel-linux-x86_64-debian-gcc 2.0.3 28.46 35.44 63.90 OK
r-devel-linux-x86_64-fedora-clang 2.0.3 104.89 OK
r-devel-linux-x86_64-fedora-gcc 2.0.3 111.40 OK
r-devel-windows-x86_64 2.0.3 40.00 106.00 146.00 OK
r-patched-linux-x86_64 2.0.3 26.12 43.73 69.85 OK
r-release-linux-x86_64 2.0.3 25.40 43.66 69.06 OK
r-release-macos-arm64 2.0.3 53.00 NOTE
r-release-macos-x86_64 2.0.3 51.00 NOTE
r-release-windows-x86_64 2.0.3 36.00 109.00 145.00 OK
r-oldrel-macos-arm64 2.0.3 53.00 NOTE
r-oldrel-macos-x86_64 2.0.3 53.00 NOTE
r-oldrel-windows-ix86+x86_64 2.0.3 66.00 115.00 181.00 OK

Check Details

Version: 2.0.3
Check: installed package size
Result: NOTE
     installed size is 6.1Mb
     sub-directories of 1Mb or more:
     libs 5.7Mb
Flavors: r-release-macos-arm64, r-release-macos-x86_64, r-oldrel-macos-arm64, r-oldrel-macos-x86_64