CRAN Package Check Results for Package nloptr

Last updated on 2017-11-18 15:51:03.

Flavor Version Tinstall Tcheck Ttotal Status Flags
r-devel-linux-x86_64-debian-clang 1.0.4 3.10 23.29 26.39 NOTE
r-devel-linux-x86_64-debian-gcc 1.0.4 11.66 25.92 37.58 NOTE
r-devel-linux-x86_64-fedora-clang 1.0.4 46.87 NOTE
r-devel-linux-x86_64-fedora-gcc 1.0.4 45.41 NOTE
r-devel-windows-ix86+x86_64 1.0.4 17.00 62.00 79.00 WARN
r-patched-linux-x86_64 1.0.4 3.04 22.66 25.70 ERROR
r-patched-solaris-x86 1.0.4 209.50 OK
r-release-linux-x86_64 1.0.4 2.98 23.20 26.17 NOTE
r-release-windows-ix86+x86_64 1.0.4 10.00 88.00 98.00 WARN
r-release-osx-x86_64 1.0.4 OK
r-oldrel-windows-ix86+x86_64 1.0.4 10.00 61.00 71.00 OK
r-oldrel-osx-x86_64 1.0.4 OK

Check Details

Version: 1.0.4
Check: compiled code
Result: NOTE
    File ‘nloptr/libs/nloptr.so’:
     Found no calls to: ‘R_registerRoutines’, ‘R_useDynamicSymbols’
    
    It is good practice to register native routines and to disable symbol
    search.
    
    See ‘Writing portable packages’ in the ‘Writing R Extensions’ manual.
Flavors: r-devel-linux-x86_64-debian-clang, r-devel-linux-x86_64-debian-gcc, r-devel-linux-x86_64-fedora-clang, r-devel-linux-x86_64-fedora-gcc, r-patched-linux-x86_64, r-release-linux-x86_64

Version: 1.0.4
Check: line endings in shell scripts
Result: WARN
    Found the following shell script(s) with CR or CRLF line endings:
     cleanup
    Non-Windows OSes require LF line endings.
Flavors: r-devel-windows-ix86+x86_64, r-release-windows-ix86+x86_64

Version: 1.0.4
Check: tests
Result: ERROR
     Running ‘test-all.R’ [2s/2s]
    Running the tests in ‘tests/test-all.R’ failed.
    Complete output:
     > if(require("testthat", quietly = TRUE)) {
     + test_check("nloptr")
     + } else {
     + print( "package 'testthat' not available, cannot run unit tests" )
     + }
     Loading required package: nloptr
     1. Failure: Test derivative checker. (@test-derivative-checker.R#42) -----------
     sum(res$flag_derivative_warning) not equal to 1.
     1/1 mismatches
     [1] 2 - 1 == 1
    
    
     testthat results ================================================================
     OK: 42 SKIPPED: 0 FAILED: 1
     1. Failure: Test derivative checker. (@test-derivative-checker.R#42)
    
     Error: testthat unit tests failed
     Execution halted
Flavor: r-patched-linux-x86_64