CRAN Package Check Results for Package nloptr

Last updated on 2018-01-18 10:48:31 CET.

Flavor Version Tinstall Tcheck Ttotal Status Flags
r-devel-linux-x86_64-debian-clang 1.0.4 3.52 32.87 36.39 NOTE
r-devel-linux-x86_64-debian-gcc 1.0.4 2.91 28.97 31.88 NOTE
r-devel-linux-x86_64-fedora-clang 1.0.4 50.15 NOTE
r-devel-linux-x86_64-fedora-gcc 1.0.4 47.70 NOTE
r-devel-windows-ix86+x86_64 1.0.4 13.00 69.00 82.00 OK
r-patched-linux-x86_64 1.0.4 3.75 35.46 39.21 ERROR
r-patched-solaris-x86 1.0.4 249.00 OK
r-release-linux-x86_64 1.0.4 3.77 35.32 39.09 NOTE
r-release-windows-ix86+x86_64 1.0.4 10.00 65.00 75.00 OK
r-release-osx-x86_64 1.0.4 OK
r-oldrel-windows-ix86+x86_64 1.0.4 17.00 94.00 111.00 OK
r-oldrel-osx-x86_64 1.0.4 OK

Check Details

Version: 1.0.4
Check: compiled code
Result: NOTE
    File ‘nloptr/libs/nloptr.so’:
     Found no calls to: ‘R_registerRoutines’, ‘R_useDynamicSymbols’
    
    It is good practice to register native routines and to disable symbol
    search.
    
    See ‘Writing portable packages’ in the ‘Writing R Extensions’ manual.
Flavors: r-devel-linux-x86_64-debian-clang, r-devel-linux-x86_64-debian-gcc, r-devel-linux-x86_64-fedora-clang, r-devel-linux-x86_64-fedora-gcc, r-patched-linux-x86_64, r-release-linux-x86_64

Version: 1.0.4
Check: tests
Result: ERROR
     Running ‘test-all.R’ [4s/5s]
    Running the tests in ‘tests/test-all.R’ failed.
    Complete output:
     > if(require("testthat", quietly = TRUE)) {
     + test_check("nloptr")
     + } else {
     + print( "package 'testthat' not available, cannot run unit tests" )
     + }
     Loading required package: nloptr
     ── 1. Failure: Test derivative checker. (@test-derivative-checker.R#62) ───────
     `x` not equal to `expected`.
     1/1 mismatches
     [1] 3 - 2 == 1
    
     ══ testthat results ═══════════════════════════════════════════════════════════
     OK: 42 SKIPPED: 0 FAILED: 1
     1. Failure: Test derivative checker. (@test-derivative-checker.R#62)
    
     Error: testthat unit tests failed
     Execution halted
Flavor: r-patched-linux-x86_64