CRAN Package Check Results for Package nloptr

Last updated on 2020-06-07 05:47:44 CEST.

Flavor Version Tinstall Tcheck Ttotal Status Flags
r-devel-linux-x86_64-debian-clang 1.2.2.1 7.94 45.73 53.67 OK
r-devel-linux-x86_64-debian-gcc 1.2.2.1 5.62 35.06 40.68 OK
r-devel-linux-x86_64-fedora-clang 1.2.2.1 75.56 OK
r-devel-linux-x86_64-fedora-gcc 1.2.2.1 63.25 OK
r-devel-windows-ix86+x86_64 1.2.2.1 27.00 123.00 150.00 OK
r-patched-linux-x86_64 1.2.2.1 6.01 45.37 51.38 OK
r-patched-solaris-x86 1.2.2.1 246.10 OK
r-release-linux-x86_64 1.2.2.1 6.46 45.43 51.89 OK
r-release-osx-x86_64 1.2.2.1 WARN
r-release-windows-ix86+x86_64 1.2.2.1 17.00 131.00 148.00 OK
r-oldrel-osx-x86_64 1.2.2.1 WARN
r-oldrel-windows-ix86+x86_64 1.2.2.1 29.00 123.00 152.00 OK

Check Details

Version: 1.2.2.1
Check: whether package can be installed
Result: WARN
    Found the following significant warnings:
     clang: warning: treating 'c' input as 'c++' when in C++ mode, this behavior is deprecated [-Wdeprecated]
     DIRsubrout.c:505:10: warning: explicitly assigning value of variable of type 'integer' (aka 'int') to itself [-Wself-assign]
     hybrid.c:91:12: warning: 'nlopt_minimize' is deprecated [-Wdeprecated-declarations]
     newuoa.c:184:9: warning: 'nlopt_minimize_constrained' is deprecated [-Wdeprecated-declarations]
     newuoa.c:1241:10: warning: 'nlopt_minimize_constrained' is deprecated [-Wdeprecated-declarations]
     general.c:134:38: warning: 'syscall' is deprecated: first deprecated in macOS 10.12 - syscall(2) is unsupported; please switch to a supported interface. For SYS_kdebug_trace use kdebug_signpost(). [-Wdeprecated-declarations]
     ./f77funcs.h:57:14: warning: 'nlopt_minimize_constrained' is deprecated [-Wdeprecated-declarations]
     ./f77funcs.h:96:6: warning: 'nlopt_get_local_search_algorithm' is deprecated [-Wdeprecated-declarations]
     ./f77funcs.h:104:6: warning: 'nlopt_set_local_search_algorithm' is deprecated [-Wdeprecated-declarations]
     ./f77funcs.h:109:13: warning: 'nlopt_get_stochastic_population' is deprecated [-Wdeprecated-declarations]
     ./f77funcs.h:113:6: warning: 'nlopt_set_stochastic_population' is deprecated [-Wdeprecated-declarations]
     testopt.cpp:218:11: warning: 'nlopt_minimize' is deprecated [-Wdeprecated-declarations]
Flavor: r-release-osx-x86_64

Version: 1.2.2.1
Check: whether package can be installed
Result: WARN
    Found the following significant warnings:
     clang-7: warning: treating 'c' input as 'c++' when in C++ mode, this behavior is deprecated [-Wdeprecated]
     DIRsubrout.c:505:10: warning: explicitly assigning value of variable of type 'integer' (aka 'int') to itself [-Wself-assign]
Flavor: r-oldrel-osx-x86_64