CRAN Package Check Results for Package nlshelper

Last updated on 2022-10-07 14:52:12 CEST.

Flavor Version Tinstall Tcheck Ttotal Status Flags
r-devel-linux-x86_64-debian-clang 0.2 11.26 100.60 111.86 NOTE
r-devel-linux-x86_64-debian-gcc 0.2 8.57 73.83 82.40 NOTE
r-devel-linux-x86_64-fedora-clang 0.2 148.30 NOTE
r-devel-linux-x86_64-fedora-gcc 0.2 146.16 NOTE
r-devel-windows-x86_64 0.2 21.00 119.00 140.00 NOTE
r-patched-linux-x86_64 0.2 12.89 91.45 104.34 NOTE
r-release-linux-x86_64 0.2 7.33 92.69 100.02 NOTE
r-release-macos-arm64 0.2 39.00 NOTE
r-release-macos-x86_64 0.2 65.00 NOTE
r-release-windows-x86_64 0.2 16.00 115.00 131.00 NOTE
r-oldrel-macos-arm64 0.2 64.00 NOTE
r-oldrel-macos-x86_64 0.2 70.00 NOTE
r-oldrel-windows-ix86+x86_64 0.2 26.00 114.00 140.00 NOTE

Check Details

Version: 0.2
Check: LazyData
Result: NOTE
     'LazyData' is specified without a 'data' directory
Flavors: r-devel-linux-x86_64-debian-clang, r-devel-linux-x86_64-debian-gcc, r-devel-linux-x86_64-fedora-clang, r-devel-linux-x86_64-fedora-gcc, r-devel-windows-x86_64, r-patched-linux-x86_64, r-release-linux-x86_64, r-release-macos-arm64, r-release-macos-x86_64, r-release-windows-x86_64, r-oldrel-macos-arm64, r-oldrel-macos-x86_64, r-oldrel-windows-ix86+x86_64