CRAN Package Check Results for Package nlstac

Last updated on 2023-03-28 00:51:56 CEST.

Flavor Version Tinstall Tcheck Ttotal Status Flags
r-devel-linux-x86_64-debian-clang 0.1.0 3.61 37.51 41.12 NOTE
r-devel-linux-x86_64-debian-gcc 0.1.0 3.13 29.15 32.28 NOTE
r-devel-linux-x86_64-fedora-clang 0.1.0 51.46 NOTE
r-devel-linux-x86_64-fedora-gcc 0.1.0 48.77 NOTE
r-patched-linux-x86_64 0.1.0 3.44 36.14 39.58 NOTE
r-release-linux-x86_64 0.1.0 4.02 36.60 40.62 NOTE
r-release-macos-arm64 0.1.0 20.00 NOTE
r-release-macos-x86_64 0.1.0 26.00 NOTE
r-release-windows-x86_64 0.1.0 15.00 65.00 80.00 NOTE
r-oldrel-macos-arm64 0.1.0 26.00 NOTE
r-oldrel-macos-x86_64 0.1.0 30.00 NOTE
r-oldrel-windows-ix86+x86_64 0.1.0 10.00 64.00 74.00 NOTE

Check Details

Version: 0.1.0
Check: LazyData
Result: NOTE
     'LazyData' is specified without a 'data' directory
Flavors: r-devel-linux-x86_64-debian-clang, r-devel-linux-x86_64-debian-gcc, r-devel-linux-x86_64-fedora-clang, r-devel-linux-x86_64-fedora-gcc, r-patched-linux-x86_64, r-release-linux-x86_64, r-release-macos-arm64, r-release-macos-x86_64, r-release-windows-x86_64, r-oldrel-macos-arm64, r-oldrel-macos-x86_64, r-oldrel-windows-ix86+x86_64