CRAN Package Check Results for Package nlt

Last updated on 2024-06-15 15:49:12 CEST.

Flavor Version Tinstall Tcheck Ttotal Status Flags
r-devel-linux-x86_64-debian-clang 2.2-1 2.40 33.81 36.21 NOTE
r-devel-linux-x86_64-debian-gcc 2.2-1 2.03 26.03 28.06 NOTE
r-devel-linux-x86_64-fedora-clang 2.2-1 45.86 NOTE
r-devel-linux-x86_64-fedora-gcc 2.2-1 43.63 NOTE
r-devel-windows-x86_64 2.2-1 3.00 47.00 50.00 NOTE
r-patched-linux-x86_64 2.2-1 5.76 33.30 39.06 NOTE
r-release-linux-x86_64 2.2-1 2.31 32.53 34.84 NOTE
r-release-macos-arm64 2.2-1 18.00 NOTE
r-release-macos-x86_64 2.2-1 25.00 NOTE
r-release-windows-x86_64 2.2-1 3.00 47.00 50.00 NOTE
r-oldrel-macos-arm64 2.2-1 19.00 OK
r-oldrel-macos-x86_64 2.2-1 24.00 OK
r-oldrel-windows-x86_64 2.2-1 3.00 49.00 52.00 OK

Check Details

Version: 2.2-1
Check: Rd files
Result: NOTE checkRd: (-1) fwtnpperm.Rd:34: Lost braces 34 | Given \eqn{n} points on a line, \env{input}, each with a corresponding env{f} value this algorithm computes a lifting transform of the (\env{input},\env{f}) data. If lengths are inputted (\env{inputtype="lengths"}), then the gridpoints are taken to be the left endpoints of the intervals defined by the lengths inputted. | ^ Flavors: r-devel-linux-x86_64-debian-clang, r-devel-linux-x86_64-debian-gcc, r-devel-linux-x86_64-fedora-clang, r-devel-linux-x86_64-fedora-gcc, r-devel-windows-x86_64, r-patched-linux-x86_64, r-release-linux-x86_64, r-release-macos-arm64, r-release-macos-x86_64, r-release-windows-x86_64