CRAN Package Check Results for Package nmadb

Last updated on 2021-09-28 05:48:49 CEST.

Flavor Version Tinstall Tcheck Ttotal Status Flags
r-devel-linux-x86_64-debian-clang 1.2.0 2.20 34.49 36.69 OK
r-devel-linux-x86_64-debian-gcc 1.2.0 1.85 26.55 28.40 OK
r-devel-linux-x86_64-fedora-clang 1.2.0 52.20 NOTE
r-devel-linux-x86_64-fedora-gcc 1.2.0 41.52 NOTE
r-devel-windows-x86_64 1.2.0 4.00 34.00 38.00 OK
r-devel-windows-x86_64-gcc10-UCRT 1.2.0 NOTE
r-patched-linux-x86_64 1.2.0 2.22 34.10 36.32 OK
r-patched-solaris-x86 1.2.0 68.20 NOTE
r-release-linux-x86_64 1.2.0 2.22 33.58 35.80 OK
r-release-macos-arm64 1.2.0 NOTE
r-release-macos-x86_64 1.2.0 NOTE
r-release-windows-ix86+x86_64 1.2.0 7.00 33.00 40.00 OK
r-oldrel-macos-x86_64 1.2.0 NOTE
r-oldrel-windows-ix86+x86_64 1.2.0 6.00 31.00 37.00 OK

Check Details

Version: 1.2.0
Check: dependencies in R code
Result: NOTE
    Namespaces in Imports field not imported from:
     ‘devtools’ ‘jsonlite’
     All declared Imports should be used.
Flavors: r-devel-linux-x86_64-fedora-clang, r-devel-linux-x86_64-fedora-gcc, r-devel-windows-x86_64-gcc10-UCRT, r-patched-solaris-x86, r-release-macos-arm64, r-release-macos-x86_64, r-oldrel-macos-x86_64