Last updated on 2021-03-01 06:47:11 CET.
Flavor | Version | Tinstall | Tcheck | Ttotal | Status | Flags |
---|---|---|---|---|---|---|
r-devel-linux-x86_64-debian-clang | 1.0.0 | OK | ||||
r-devel-linux-x86_64-debian-gcc | 1.0.0 | 3.30 | 52.13 | 55.43 | OK | |
r-devel-linux-x86_64-fedora-clang | 1.0.0 | 95.58 | NOTE | |||
r-devel-linux-x86_64-fedora-gcc | 1.0.0 | 86.64 | OK | |||
r-devel-windows-ix86+x86_64 | 1.0.0 | 7.00 | 68.00 | 75.00 | NOTE | |
r-patched-linux-x86_64 | 1.0.0 | 4.30 | 65.92 | 70.22 | OK | |
r-patched-solaris-x86 | 1.0.0 | 118.40 | NOTE | |||
r-release-linux-x86_64 | 1.0.0 | 4.18 | 67.26 | 71.44 | OK | |
r-release-macos-x86_64 | 1.0.0 | NOTE | ||||
r-release-windows-ix86+x86_64 | 1.0.0 | 9.00 | 91.00 | 100.00 | NOTE | |
r-oldrel-macos-x86_64 | 1.0.0 | NOTE | ||||
r-oldrel-windows-ix86+x86_64 | 1.0.0 | 5.00 | 94.00 | 99.00 | NOTE |
Version: 1.0.0
Check: installed package size
Result: NOTE
installed size is 7.0Mb
sub-directories of 1Mb or more:
doc 6.8Mb
Flavors: r-devel-linux-x86_64-fedora-clang, r-devel-windows-ix86+x86_64, r-patched-solaris-x86, r-release-macos-x86_64, r-release-windows-ix86+x86_64, r-oldrel-macos-x86_64, r-oldrel-windows-ix86+x86_64