CRAN Package Check Results for Package nmaplateplot

Last updated on 2022-09-27 20:53:07 CEST.

Flavor Version Tinstall Tcheck Ttotal Status Flags
r-devel-linux-x86_64-debian-clang 1.0.1 4.86 79.52 84.38 OK
r-devel-linux-x86_64-debian-gcc 1.0.1 3.17 57.24 60.41 OK
r-devel-linux-x86_64-fedora-clang 1.0.1 111.25 NOTE
r-devel-linux-x86_64-fedora-gcc 1.0.1 114.42 OK
r-devel-windows-x86_64 1.0.1 21.00 107.00 128.00 NOTE
r-patched-linux-x86_64 1.0.1 3.09 75.03 78.12 OK
r-release-linux-x86_64 1.0.1 4.83 75.12 79.95 OK
r-release-macos-arm64 1.0.1 32.00 NOTE
r-release-macos-x86_64 1.0.1 56.00 NOTE
r-release-windows-x86_64 1.0.1 19.00 105.00 124.00 NOTE
r-oldrel-macos-arm64 1.0.1 36.00 NOTE
r-oldrel-macos-x86_64 1.0.1 45.00 NOTE
r-oldrel-windows-ix86+x86_64 1.0.1 8.00 103.00 111.00 NOTE

Check Details

Version: 1.0.1
Check: installed package size
Result: NOTE
     installed size is 7.6Mb
     sub-directories of 1Mb or more:
     doc 7.4Mb
Flavors: r-devel-linux-x86_64-fedora-clang, r-devel-windows-x86_64, r-release-macos-arm64, r-release-macos-x86_64, r-release-windows-x86_64, r-oldrel-macos-arm64, r-oldrel-macos-x86_64, r-oldrel-windows-ix86+x86_64