CRAN Package Check Results for Package nmfgpu4R

Last updated on 2019-02-16 19:47:36 CET.

Flavor Version Tinstall Tcheck Ttotal Status Flags
r-devel-linux-x86_64-debian-clang 0.2.5.2 36.19 53.88 90.07 OK
r-devel-linux-x86_64-debian-gcc 0.2.5.2 26.00 42.83 68.83 OK
r-devel-linux-x86_64-fedora-clang 0.2.5.2 121.85 NOTE
r-devel-linux-x86_64-fedora-gcc 0.2.5.2 107.16 NOTE
r-devel-windows-ix86+x86_64 0.2.5.2 130.00 115.00 245.00 OK
r-patched-linux-x86_64 0.2.5.2 29.92 50.98 80.90 OK
r-patched-solaris-x86 0.2.5.2 134.40 OK
r-release-linux-x86_64 0.2.5.2 OK
r-release-windows-ix86+x86_64 0.2.5.2 61.00 112.00 173.00 OK
r-release-osx-x86_64 0.2.5.2 OK
r-oldrel-windows-ix86+x86_64 0.2.5.2 92.00 112.00 204.00 OK
r-oldrel-osx-x86_64 0.2.5.2 OK

Check Details

Version: 0.2.5.2
Check: compiled code
Result: NOTE
    File ‘nmfgpu4R/libs/nmfgpu4R.so’:
     Found no calls to: ‘R_registerRoutines’, ‘R_useDynamicSymbols’
    
    It is good practice to register native routines and to disable symbol
    search.
    
    See ‘Writing portable packages’ in the ‘Writing R Extensions’ manual.
Flavors: r-devel-linux-x86_64-fedora-clang, r-devel-linux-x86_64-fedora-gcc