CRAN Package Check Results for Package nmfgpu4R

Last updated on 2019-04-25 09:50:29 CEST.

Flavor Version Tinstall Tcheck Ttotal Status Flags
r-devel-linux-x86_64-debian-clang 0.2.5.2 33.33 52.98 86.31 OK
r-devel-linux-x86_64-debian-gcc 0.2.5.2 27.38 42.87 70.25 OK
r-devel-linux-x86_64-fedora-clang 0.2.5.2 124.38 NOTE
r-devel-linux-x86_64-fedora-gcc 0.2.5.2 107.73 NOTE
r-devel-windows-ix86+x86_64 0.2.5.2 98.00 91.00 189.00 OK
r-patched-linux-x86_64 0.2.5.2 33.12 53.47 86.59 OK
r-patched-solaris-x86 0.2.5.2 142.60 WARN
r-release-linux-x86_64 0.2.5.2 30.53 51.71 82.24 OK
r-release-windows-ix86+x86_64 0.2.5.2 68.00 117.00 185.00 OK
r-release-osx-x86_64 0.2.5.2 OK
r-oldrel-windows-ix86+x86_64 0.2.5.2 73.00 111.00 184.00 OK
r-oldrel-osx-x86_64 0.2.5.2 OK

Check Details

Version: 0.2.5.2
Check: compiled code
Result: NOTE
    File ‘nmfgpu4R/libs/nmfgpu4R.so’:
     Found no calls to: ‘R_registerRoutines’, ‘R_useDynamicSymbols’
    
    It is good practice to register native routines and to disable symbol
    search.
    
    See ‘Writing portable packages’ in the ‘Writing R Extensions’ manual.
Flavors: r-devel-linux-x86_64-fedora-clang, r-devel-linux-x86_64-fedora-gcc

Version: 0.2.5.2
Check: whether package can be installed
Result: WARN
    Found the following significant warnings:
     WrapperNMFGPU.cpp:96:12: warning: converting ‘false’ to pointer type for argument 1 of ‘std::__cxx11::basic_string<_CharT, _Traits, _Alloc>::basic_string(const _CharT*, const _Alloc&) [with _CharT = char; _Traits = std::char_traits<char>; _Alloc = std::allocator<char>]’ [-Wconversion-null]
Flavor: r-patched-solaris-x86