CRAN Package Check Results for Package nmfgpu4R

Last updated on 2019-08-17 19:48:32 CEST.

Flavor Version Tinstall Tcheck Ttotal Status Flags
r-devel-linux-x86_64-debian-clang 0.2.5.2 36.63 53.23 89.86 OK
r-devel-linux-x86_64-debian-gcc 0.2.5.2 26.43 42.55 68.98 OK
r-devel-linux-x86_64-fedora-clang 0.2.5.2 123.37 NOTE
r-devel-linux-x86_64-fedora-gcc 0.2.5.2 115.96 NOTE
r-devel-windows-ix86+x86_64 0.2.5.2 112.00 119.00 231.00 OK
r-patched-linux-x86_64 0.2.5.2 31.36 52.28 83.64 OK
r-patched-solaris-x86 0.2.5.2 148.70 WARN
r-release-linux-x86_64 0.2.5.2 29.28 52.24 81.52 OK
r-release-windows-ix86+x86_64 0.2.5.2 98.00 115.00 213.00 OK
r-release-osx-x86_64 0.2.5.2 OK
r-oldrel-windows-ix86+x86_64 0.2.5.2 94.00 111.00 205.00 OK
r-oldrel-osx-x86_64 0.2.5.2 OK

Check Details

Version: 0.2.5.2
Check: compiled code
Result: NOTE
    File ‘nmfgpu4R/libs/nmfgpu4R.so’:
     Found no calls to: ‘R_registerRoutines’, ‘R_useDynamicSymbols’
    
    It is good practice to register native routines and to disable symbol
    search.
    
    See ‘Writing portable packages’ in the ‘Writing R Extensions’ manual.
Flavors: r-devel-linux-x86_64-fedora-clang, r-devel-linux-x86_64-fedora-gcc

Version: 0.2.5.2
Check: whether package can be installed
Result: WARN
    Found the following significant warnings:
     WrapperNMFGPU.cpp:96:12: warning: converting ‘false’ to pointer type for argument 1 of ‘std::__cxx11::basic_string<_CharT, _Traits, _Alloc>::basic_string(const _CharT*, const _Alloc&) [with _CharT = char; _Traits = std::char_traits<char>; _Alloc = std::allocator<char>]’ [-Wconversion-null]
Flavor: r-patched-solaris-x86