CRAN Package Check Results for Package nmslibR

Last updated on 2020-09-29 16:48:49 CEST.

Flavor Version Tinstall Tcheck Ttotal Status Flags
r-devel-linux-x86_64-debian-clang 1.0.4 36.46 83.28 119.74 OK
r-devel-linux-x86_64-debian-gcc 1.0.4 27.79 62.51 90.30 OK
r-devel-linux-x86_64-fedora-clang 1.0.4 189.14 NOTE
r-devel-linux-x86_64-fedora-gcc 1.0.4 178.61 NOTE
r-devel-windows-ix86+x86_64 1.0.4 92.00 210.00 302.00 NOTE
r-patched-linux-x86_64 1.0.4 35.15 75.94 111.09 OK
r-patched-solaris-x86 1.0.4 169.10 NOTE
r-release-linux-x86_64 1.0.4 32.76 76.39 109.15 OK
r-release-macos-x86_64 1.0.4 NOTE
r-release-windows-ix86+x86_64 1.0.4 96.00 227.00 323.00 NOTE
r-oldrel-macos-x86_64 1.0.4 NOTE
r-oldrel-windows-ix86+x86_64 1.0.4 81.00 205.00 286.00 OK

Check Details

Version: 1.0.4
Check: dependencies in R code
Result: NOTE
    Namespace in Imports field not imported from: ‘KernelKnn’
     All declared Imports should be used.
Flavors: r-devel-linux-x86_64-fedora-clang, r-devel-linux-x86_64-fedora-gcc, r-patched-solaris-x86, r-release-macos-x86_64, r-oldrel-macos-x86_64

Version: 1.0.4
Check: installed package size
Result: NOTE
     installed size is 5.3Mb
     sub-directories of 1Mb or more:
     libs 2.2Mb
Flavors: r-devel-windows-ix86+x86_64, r-release-windows-ix86+x86_64