CRAN Package Check Results for Package nnet

Last updated on 2021-09-20 15:52:59 CEST.

Flavor Version Tinstall Tcheck Ttotal Status Flags
r-devel-linux-x86_64-debian-clang 7.3-16 4.29 26.86 31.15 OK
r-devel-linux-x86_64-debian-gcc 7.3-16 2.39 21.07 23.46 OK
r-devel-linux-x86_64-fedora-clang 7.3-16 47.08 OK
r-devel-linux-x86_64-fedora-gcc 7.3-16 36.52 OK
r-devel-windows-x86_64 7.3-16 7.00 33.00 40.00 OK
r-devel-windows-x86_64-gcc10-UCRT 7.3-16 ERROR
r-patched-linux-x86_64 7.3-16 2.80 26.45 29.25 OK
r-patched-solaris-x86 7.3-16 OK
r-release-linux-x86_64 7.3-16 3.34 26.23 29.57 OK
r-release-macos-arm64 7.3-16 OK
r-release-macos-x86_64 7.3-16 OK
r-release-windows-ix86+x86_64 7.3-16 11.00 37.00 48.00 OK
r-oldrel-macos-x86_64 7.3-16 OK
r-oldrel-windows-ix86+x86_64 7.3-16 10.00 36.00 46.00 OK

Check Details

Version: 7.3-16
Check: whether package can be installed
Result: ERROR
    Installation failed.
Flavor: r-devel-windows-x86_64-gcc10-UCRT