CRAN Package Check Results for Package nnfor

Last updated on 2019-07-19 12:55:27 CEST.

Flavor Version Tinstall Tcheck Ttotal Status Flags
r-devel-linux-x86_64-debian-clang 0.9.6 7.26 67.05 74.31 OK
r-devel-linux-x86_64-debian-gcc 0.9.6 5.77 52.11 57.88 OK
r-devel-linux-x86_64-fedora-clang 0.9.6 87.06 NOTE
r-devel-linux-x86_64-fedora-gcc 0.9.6 83.93 NOTE
r-devel-windows-ix86+x86_64 0.9.6 24.00 83.00 107.00 OK
r-patched-linux-x86_64 0.9.6 7.69 65.26 72.95 OK
r-patched-solaris-x86 0.9.6 128.90 NOTE
r-release-linux-x86_64 0.9.6 7.67 64.75 72.42 OK
r-release-windows-ix86+x86_64 0.9.6 17.00 81.00 98.00 OK
r-release-osx-x86_64 0.9.6 NOTE
r-oldrel-windows-ix86+x86_64 0.9.6 13.00 123.00 136.00 OK
r-oldrel-osx-x86_64 0.9.6 NOTE

Check Details

Version: 0.9.6
Check: dependencies in R code
Result: NOTE
    Namespace in Imports field not imported from: ‘uroot’
     All declared Imports should be used.
Flavors: r-devel-linux-x86_64-fedora-clang, r-devel-linux-x86_64-fedora-gcc, r-patched-solaris-x86, r-release-osx-x86_64, r-oldrel-osx-x86_64