CRAN Package Check Results for Package nnfor

Last updated on 2019-10-24 04:47:52 CEST.

Flavor Version Tinstall Tcheck Ttotal Status Flags
r-devel-linux-x86_64-debian-clang 0.9.6 7.50 66.27 73.77 OK
r-devel-linux-x86_64-debian-gcc 0.9.6 6.57 50.76 57.33 OK
r-devel-linux-x86_64-fedora-clang 0.9.6 90.72 NOTE
r-devel-linux-x86_64-fedora-gcc 0.9.6 88.19 NOTE
r-devel-windows-ix86+x86_64 0.9.6 20.00 86.00 106.00 OK
r-patched-linux-x86_64 0.9.6 7.12 63.51 70.63 OK
r-patched-solaris-x86 0.9.6 130.00 NOTE
r-release-linux-x86_64 0.9.6 6.85 64.55 71.40 OK
r-release-windows-ix86+x86_64 0.9.6 38.00 85.00 123.00 OK
r-release-osx-x86_64 0.9.6 NOTE
r-oldrel-windows-ix86+x86_64 0.9.6 16.00 112.00 128.00 OK
r-oldrel-osx-x86_64 0.9.6 NOTE

Check Details

Version: 0.9.6
Check: dependencies in R code
Result: NOTE
    Namespace in Imports field not imported from: ‘uroot’
     All declared Imports should be used.
Flavors: r-devel-linux-x86_64-fedora-clang, r-devel-linux-x86_64-fedora-gcc, r-patched-solaris-x86, r-release-osx-x86_64, r-oldrel-osx-x86_64