CRAN Package Check Results for Package nngeo

Last updated on 2021-04-13 05:49:28 CEST.

Flavor Version Tinstall Tcheck Ttotal Status Flags
r-devel-linux-x86_64-debian-clang 0.4.2 6.70 73.03 79.73 OK
r-devel-linux-x86_64-debian-gcc 0.4.2 4.98 55.43 60.41 OK
r-devel-linux-x86_64-fedora-clang 0.4.2 105.65 NOTE
r-devel-linux-x86_64-fedora-gcc 0.4.2 101.36 NOTE
r-devel-windows-ix86+x86_64 0.4.2 20.00 136.00 156.00 OK
r-devel-windows-x86_64-gcc10-UCRT 0.4.2 NOTE
r-patched-linux-x86_64 0.4.2 7.07 69.03 76.10 OK
r-patched-solaris-x86 0.4.2 133.00 NOTE
r-release-linux-x86_64 0.4.2 5.77 68.90 74.67 OK
r-release-macos-x86_64 0.4.2 NOTE
r-release-windows-ix86+x86_64 0.4.2 15.00 132.00 147.00 OK
r-oldrel-macos-x86_64 0.4.2 NOTE
r-oldrel-windows-ix86+x86_64 0.4.2 18.00 92.00 110.00 OK

Check Details

Version: 0.4.2
Check: dependencies in R code
Result: NOTE
    Namespaces in Imports field not imported from:
     ‘lwgeom’ ‘s2’
     All declared Imports should be used.
Flavors: r-devel-linux-x86_64-fedora-clang, r-devel-linux-x86_64-fedora-gcc, r-devel-windows-x86_64-gcc10-UCRT, r-patched-solaris-x86, r-release-macos-x86_64, r-oldrel-macos-x86_64