CRAN Package Check Results for Package nngeo

Last updated on 2020-10-25 01:47:42 CEST.

Flavor Version Tinstall Tcheck Ttotal Status Flags
r-devel-linux-x86_64-debian-clang 0.4.0 6.98 71.50 78.48 OK
r-devel-linux-x86_64-debian-gcc 0.4.0 4.80 53.24 58.04 OK
r-devel-linux-x86_64-fedora-clang 0.4.0 107.86 NOTE
r-devel-linux-x86_64-fedora-gcc 0.4.0 94.69 NOTE
r-devel-windows-ix86+x86_64 0.3.9 20.00 131.00 151.00 OK
r-patched-linux-x86_64 0.4.0 6.56 65.39 71.95 OK
r-patched-solaris-x86 0.4.0 123.80 NOTE
r-release-linux-x86_64 0.4.0 6.86 65.84 72.70 OK
r-release-macos-x86_64 0.4.0 NOTE
r-release-windows-ix86+x86_64 0.4.0 14.00 101.00 115.00 OK
r-oldrel-macos-x86_64 0.4.0 NOTE
r-oldrel-windows-ix86+x86_64 0.4.0 15.00 136.00 151.00 OK

Check Details

Version: 0.4.0
Check: dependencies in R code
Result: NOTE
    Namespace in Imports field not imported from: ‘s2’
     All declared Imports should be used.
Flavors: r-devel-linux-x86_64-fedora-clang, r-devel-linux-x86_64-fedora-gcc, r-patched-solaris-x86, r-release-macos-x86_64, r-oldrel-macos-x86_64