CRAN Package Check Results for Package nnlib2Rcpp

Last updated on 2022-01-27 23:56:39 CET.

Flavor Version Tinstall Tcheck Ttotal Status Flags
r-devel-linux-x86_64-debian-clang 0.1.8 156.07 63.18 219.25 OK
r-devel-linux-x86_64-debian-gcc 0.1.8 115.21 48.95 164.16 OK
r-devel-linux-x86_64-fedora-clang 0.1.8 346.98 NOTE
r-devel-linux-x86_64-fedora-gcc 0.1.8 297.70 OK
r-devel-windows-x86_64-new-UL 0.1.8 146.00 132.00 278.00 OK
r-devel-windows-x86_64-new-TK 0.1.8 OK
r-patched-linux-x86_64 0.1.8 137.24 59.09 196.33 OK
r-release-linux-x86_64 0.1.8 131.07 59.04 190.11 OK
r-release-macos-arm64 0.1.8 NOTE
r-release-macos-x86_64 0.1.8 NOTE
r-release-windows-ix86+x86_64 0.1.8 379.00 121.00 500.00 OK
r-oldrel-macos-x86_64 0.1.8 NOTE
r-oldrel-windows-ix86+x86_64 0.1.8 380.00 128.00 508.00 OK

Check Details

Version: 0.1.8
Check: installed package size
Result: NOTE
     installed size is 8.2Mb
     sub-directories of 1Mb or more:
     libs 7.6Mb
Flavors: r-devel-linux-x86_64-fedora-clang, r-release-macos-arm64, r-release-macos-x86_64, r-oldrel-macos-x86_64