CRAN Package Check Results for Package nnspat

Last updated on 2021-12-03 11:51:56 CET.

Flavor Version Tinstall Tcheck Ttotal Status Flags
r-devel-linux-x86_64-debian-clang 0.1.0 16.06 139.95 156.01 OK
r-devel-linux-x86_64-debian-gcc 0.1.0 11.58 105.92 117.50 OK
r-devel-linux-x86_64-fedora-clang 0.1.0 192.81 NOTE
r-devel-linux-x86_64-fedora-gcc 0.1.0 181.67 NOTE
r-devel-windows-x86_64-new-UL 0.1.0 35.00 179.00 214.00 OK
r-devel-windows-x86_64-new-TK 0.1.0 NOTE
r-devel-windows-x86_64-old 0.1.0 23.00 122.00 145.00 OK
r-patched-linux-x86_64 0.1.0 20.50 129.99 150.49 OK
r-patched-solaris-x86 0.1.0 204.90 NOTE
r-release-linux-x86_64 0.1.0 14.71 129.14 143.85 OK
r-release-macos-arm64 0.1.0 NOTE
r-release-macos-x86_64 0.1.0 NOTE
r-release-windows-ix86+x86_64 0.1.0 24.00 162.00 186.00 OK
r-oldrel-macos-x86_64 0.1.0 NOTE
r-oldrel-windows-ix86+x86_64 0.1.0 23.00 161.00 184.00 OK

Check Details

Version: 0.1.0
Check: dependencies in R code
Result: NOTE
    Namespace in Imports field not imported from: ‘Rdpack’
     All declared Imports should be used.
Flavors: r-devel-linux-x86_64-fedora-clang, r-devel-linux-x86_64-fedora-gcc, r-devel-windows-x86_64-new-TK, r-patched-solaris-x86, r-release-macos-arm64, r-release-macos-x86_64, r-oldrel-macos-x86_64

Version: 0.1.0
Check: Rd cross-references
Result: NOTE
    Undeclared package ‘pcds’ in Rd xrefs
Flavor: r-devel-linux-x86_64-fedora-clang