CRAN Package Check Results for Package nodeHarvest

Last updated on 2020-09-28 05:48:34 CEST.

Flavor Version Tinstall Tcheck Ttotal Status Flags
r-devel-linux-x86_64-debian-clang 0.7-3 2.94 26.39 29.33 NOTE
r-devel-linux-x86_64-debian-gcc 0.7-3 2.07 20.62 22.69 NOTE
r-devel-linux-x86_64-fedora-clang 0.7-3 44.42 NOTE
r-devel-linux-x86_64-fedora-gcc 0.7-3 36.36 NOTE
r-devel-windows-ix86+x86_64 0.7-3 7.00 34.00 41.00 NOTE
r-patched-linux-x86_64 0.7-3 2.42 25.17 27.59 NOTE
r-patched-solaris-x86 0.7-3 49.70 NOTE
r-release-linux-x86_64 0.7-3 2.50 25.41 27.91 NOTE
r-release-macos-x86_64 0.7-3 NOTE
r-release-windows-ix86+x86_64 0.7-3 18.00 40.00 58.00 NOTE
r-oldrel-macos-x86_64 0.7-3 NOTE
r-oldrel-windows-ix86+x86_64 0.7-3 5.00 40.00 45.00 NOTE

Check Details

Version: 0.7-3
Check: R code for possible problems
Result: NOTE
    makeRules: no visible global function definition for 'sd'
    makeRules: no visible global function definition for 'rnorm'
    nodeHarvest: no visible global function definition for 'capture.output'
    nodeHarvest: no visible global function definition for 'lm'
    nodeHarvest: no visible global function definition for 'coef'
    plot.nodeHarvest: no visible global function definition for 'rgb'
    Undefined global functions or variables:
     capture.output coef lm rgb rnorm sd
    Consider adding
     importFrom("grDevices", "rgb")
     importFrom("stats", "coef", "lm", "rnorm", "sd")
     importFrom("utils", "capture.output")
    to your NAMESPACE file.
Flavors: r-devel-linux-x86_64-debian-clang, r-devel-linux-x86_64-debian-gcc, r-devel-linux-x86_64-fedora-clang, r-devel-linux-x86_64-fedora-gcc, r-devel-windows-ix86+x86_64, r-patched-linux-x86_64, r-patched-solaris-x86, r-release-linux-x86_64, r-release-macos-x86_64, r-release-windows-ix86+x86_64, r-oldrel-macos-x86_64, r-oldrel-windows-ix86+x86_64