CRAN Package Check Results for Package noia

Last updated on 2022-10-06 17:50:05 CEST.

Flavor Version Tinstall Tcheck Ttotal Status Flags
r-devel-linux-x86_64-debian-clang 0.97.1 3.89 34.84 38.73 NOTE
r-devel-linux-x86_64-debian-gcc 0.97.1 3.34 26.71 30.05 NOTE
r-devel-linux-x86_64-fedora-clang 0.97.1 61.30 NOTE
r-devel-linux-x86_64-fedora-gcc 0.97.1 61.44 NOTE
r-devel-windows-x86_64 0.97.1 16.00 59.00 75.00 NOTE
r-patched-linux-x86_64 0.97.1 5.13 33.20 38.33 OK
r-release-linux-x86_64 0.97.1 4.91 33.41 38.32 OK
r-release-macos-arm64 0.97.1 20.00 OK
r-release-macos-x86_64 0.97.1 25.00 OK
r-release-windows-x86_64 0.97.1 9.00 54.00 63.00 OK
r-oldrel-macos-arm64 0.97.1 24.00 OK
r-oldrel-macos-x86_64 0.97.1 29.00 OK
r-oldrel-windows-ix86+x86_64 0.97.1 8.00 35.00 43.00 OK

Check Details

Version: 0.97.1
Check: Rd files
Result: NOTE
    checkRd: (-1) simulatePop.Rd:43: Escaped LaTeX specials: \&
Flavors: r-devel-linux-x86_64-debian-clang, r-devel-linux-x86_64-debian-gcc, r-devel-linux-x86_64-fedora-clang, r-devel-linux-x86_64-fedora-gcc, r-devel-windows-x86_64